Last updated on 2025-10-31 07:51:39 CET.
| Flavor | Version | Tinstall | Tcheck | Ttotal | Status | Flags | 
|---|---|---|---|---|---|---|
| r-devel-linux-x86_64-debian-clang | 1.2.1 | 71.41 | 95.22 | 166.63 | OK | |
| r-devel-linux-x86_64-debian-gcc | 1.2.1 | 47.23 | 63.67 | 110.90 | OK | |
| r-devel-linux-x86_64-fedora-clang | 1.2.1 | 134.00 | 154.31 | 288.31 | OK | |
| r-devel-linux-x86_64-fedora-gcc | 1.2.1 | 117.00 | 145.62 | 262.62 | OK | |
| r-devel-windows-x86_64 | 1.2.1 | 83.00 | 109.00 | 192.00 | OK | |
| r-patched-linux-x86_64 | 1.2.1 | 69.09 | 85.24 | 154.33 | OK | |
| r-release-linux-x86_64 | 1.2.1 | 77.10 | 86.10 | 163.20 | OK | |
| r-release-macos-arm64 | 1.2.1 | 27.00 | 39.00 | 66.00 | OK | |
| r-release-macos-x86_64 | 1.2.1 | 35.00 | 73.00 | 108.00 | OK | |
| r-release-windows-x86_64 | 1.2.1 | 82.00 | 109.00 | 191.00 | OK | |
| r-oldrel-macos-arm64 | 1.2.1 | 26.00 | 36.00 | 62.00 | NOTE | |
| r-oldrel-macos-x86_64 | 1.2.1 | 32.00 | 69.00 | 101.00 | NOTE | |
| r-oldrel-windows-x86_64 | 1.2.1 | 101.00 | 138.00 | 239.00 | OK | 
Version: 1.2.1
Check: installed package size
Result: NOTE
    installed size is  5.8Mb
    sub-directories of 1Mb or more:
      libs   5.3Mb
Flavors: r-oldrel-macos-arm64, r-oldrel-macos-x86_64