Last updated on 2024-07-26 07:51:37 CEST.
Flavor | Version | Tinstall | Tcheck | Ttotal | Status | Flags |
---|---|---|---|---|---|---|
r-devel-linux-x86_64-debian-clang | 1.1 | 93.34 | 37.12 | 130.46 | OK | |
r-devel-linux-x86_64-debian-gcc | 1.1 | 62.10 | 28.25 | 90.35 | OK | |
r-devel-linux-x86_64-fedora-clang | 1.1 | 158.78 | NOTE | |||
r-devel-linux-x86_64-fedora-gcc | 1.1 | 157.50 | OK | |||
r-devel-windows-x86_64 | 1.1 | 74.00 | 49.00 | 123.00 | NOTE | |
r-patched-linux-x86_64 | 1.1 | OK | ||||
r-release-linux-x86_64 | 1.1 | 81.06 | 35.32 | 116.38 | OK | |
r-release-macos-arm64 | 1.1 | 71.00 | NOTE | |||
r-release-macos-x86_64 | 1.1 | 91.00 | NOTE | |||
r-release-windows-x86_64 | 1.1 | 71.00 | 50.00 | 121.00 | NOTE | |
r-oldrel-macos-arm64 | 1.1 | 81.00 | NOTE | |||
r-oldrel-macos-x86_64 | 1.1 | 106.00 | NOTE | |||
r-oldrel-windows-x86_64 | 1.1 | 69.00 | 55.00 | 124.00 | NOTE |
Version: 1.1
Check: installed package size
Result: NOTE
installed size is 9.5Mb
sub-directories of 1Mb or more:
data 9.3Mb
Flavors: r-devel-linux-x86_64-fedora-clang, r-devel-windows-x86_64, r-release-macos-arm64, r-release-macos-x86_64, r-release-windows-x86_64, r-oldrel-macos-arm64, r-oldrel-macos-x86_64, r-oldrel-windows-x86_64