Last updated on 2024-07-26 07:51:37 CEST.
Flavor | Version | Tinstall | Tcheck | Ttotal | Status | Flags |
---|---|---|---|---|---|---|
r-devel-linux-x86_64-debian-clang | 1.2 | 11.18 | 408.42 | 419.60 | NOTE | |
r-devel-linux-x86_64-debian-gcc | 1.2 | 11.37 | 331.19 | 342.56 | NOTE | |
r-devel-linux-x86_64-fedora-clang | 1.2 | 457.67 | NOTE | |||
r-devel-linux-x86_64-fedora-gcc | 1.2 | 512.32 | NOTE | |||
r-devel-windows-x86_64 | 1.2 | 13.00 | 169.00 | 182.00 | NOTE | --no-vignettes |
r-patched-linux-x86_64 | 1.2 | NOTE | ||||
r-release-linux-x86_64 | 1.2 | 9.07 | 423.06 | 432.13 | NOTE | |
r-release-macos-arm64 | 1.2 | 163.00 | NOTE | |||
r-release-macos-x86_64 | 1.2 | 252.00 | NOTE | |||
r-release-windows-x86_64 | 1.2 | 13.00 | 166.00 | 179.00 | NOTE | --no-vignettes |
r-oldrel-macos-arm64 | 1.2 | 179.00 | NOTE | |||
r-oldrel-macos-x86_64 | 1.2 | 288.00 | NOTE | |||
r-oldrel-windows-x86_64 | 1.2 | 15.00 | 144.00 | 159.00 | NOTE | --no-vignettes |
Version: 1.2
Check: LazyData
Result: NOTE
'LazyData' is specified without a 'data' directory
Flavors: r-devel-linux-x86_64-debian-clang, r-devel-linux-x86_64-debian-gcc, r-devel-linux-x86_64-fedora-clang, r-devel-linux-x86_64-fedora-gcc, r-patched-linux-x86_64, r-release-linux-x86_64, r-release-macos-arm64, r-release-macos-x86_64, r-oldrel-macos-arm64, r-oldrel-macos-x86_64
Version: 1.2
Check: installed package size
Result: NOTE
installed size is 5.1Mb
sub-directories of 1Mb or more:
doc 4.7Mb
Flavors: r-devel-linux-x86_64-fedora-clang, r-release-macos-arm64, r-release-macos-x86_64, r-oldrel-macos-arm64, r-oldrel-macos-x86_64
Version: 1.2
Flags: --no-vignettes
Check: installed package size
Result: NOTE
installed size is 5.1Mb
sub-directories of 1Mb or more:
doc 4.7Mb
Flavors: r-devel-windows-x86_64, r-release-windows-x86_64, r-oldrel-windows-x86_64
Version: 1.2
Flags: --no-vignettes
Check: LazyData
Result: NOTE
'LazyData' is specified without a 'data' directory
Flavors: r-devel-windows-x86_64, r-release-windows-x86_64, r-oldrel-windows-x86_64