Last updated on 2025-02-17 07:50:27 CET.
Flavor | Version | Tinstall | Tcheck | Ttotal | Status | Flags |
---|---|---|---|---|---|---|
r-devel-linux-x86_64-debian-clang | 3.0 | 10.07 | 82.62 | 92.69 | OK | |
r-devel-linux-x86_64-debian-gcc | 3.0 | 6.84 | 58.59 | 65.43 | OK | |
r-devel-linux-x86_64-fedora-clang | 3.0 | 152.06 | OK | |||
r-devel-linux-x86_64-fedora-gcc | 3.0 | 151.37 | OK | |||
r-devel-macos-arm64 | 3.0 | 42.00 | OK | |||
r-devel-macos-x86_64 | 3.0 | 95.00 | OK | |||
r-devel-windows-x86_64 | 3.0 | 11.00 | 99.00 | 110.00 | OK | |
r-patched-linux-x86_64 | 3.0 | 10.21 | 76.00 | 86.21 | NOTE | |
r-release-linux-x86_64 | 3.0 | 9.34 | 78.95 | 88.29 | NOTE | |
r-release-macos-arm64 | 3.0 | 39.00 | NOTE | |||
r-release-macos-x86_64 | 3.0 | 70.00 | NOTE | |||
r-release-windows-x86_64 | 3.0 | 12.00 | 102.00 | 114.00 | NOTE | |
r-oldrel-macos-arm64 | 3.0 | 46.00 | NOTE | |||
r-oldrel-macos-x86_64 | 3.0 | 72.00 | NOTE | |||
r-oldrel-windows-x86_64 | 3.0 | 15.00 | 132.00 | 147.00 | NOTE |
Version: 3.0
Check: LazyData
Result: NOTE
'LazyData' is specified without a 'data' directory
Flavors: r-patched-linux-x86_64, r-release-linux-x86_64, r-release-macos-arm64, r-release-macos-x86_64, r-release-windows-x86_64, r-oldrel-macos-arm64, r-oldrel-macos-x86_64, r-oldrel-windows-x86_64