Last updated on 2025-02-17 07:50:27 CET.
Flavor | Version | Tinstall | Tcheck | Ttotal | Status | Flags |
---|---|---|---|---|---|---|
r-devel-linux-x86_64-debian-clang | 0.1.5 | 14.52 | 114.68 | 129.20 | NOTE | |
r-devel-linux-x86_64-debian-gcc | 0.1.5 | 9.79 | 80.75 | 90.54 | NOTE | |
r-devel-linux-x86_64-fedora-clang | 0.1.5 | 210.47 | OK | |||
r-devel-linux-x86_64-fedora-gcc | 0.1.5 | 283.53 | OK | |||
r-devel-macos-arm64 | 0.1.5 | 85.00 | OK | |||
r-devel-macos-x86_64 | 0.1.5 | 180.00 | OK | |||
r-devel-windows-x86_64 | 0.1.5 | 15.00 | 125.00 | 140.00 | NOTE | |
r-patched-linux-x86_64 | 0.1.5 | 17.46 | 106.10 | 123.56 | OK | |
r-release-linux-x86_64 | 0.1.5 | 12.65 | 105.85 | 118.50 | OK | |
r-release-macos-arm64 | 0.1.5 | 82.00 | OK | |||
r-release-macos-x86_64 | 0.1.5 | 126.00 | OK | |||
r-release-windows-x86_64 | 0.1.5 | 17.00 | 124.00 | 141.00 | OK | |
r-oldrel-macos-arm64 | 0.1.5 | 92.00 | OK | |||
r-oldrel-macos-x86_64 | 0.1.5 | 149.00 | OK | |||
r-oldrel-windows-x86_64 | 0.1.5 | 20.00 | 173.00 | 193.00 | OK |
Version: 0.1.5
Check: Rd cross-references
Result: NOTE
Found the following Rd file(s) with Rd \link{} targets missing package
anchors:
adjustIntercept.Rd: cpglm, cpglmm, data.table
findbars.Rd: mkRespMod, mkReTrms, nlformula, subbars
plotRE.Rd: ggplot2, ggplot
weights-actuaRE.Rd: cpglm
Please provide package anchors for all Rd \link{} targets not in the
package itself and the base packages.
Flavors: r-devel-linux-x86_64-debian-clang, r-devel-linux-x86_64-debian-gcc, r-devel-windows-x86_64