Last updated on 2025-02-19 07:53:35 CET.
Flavor | Version | Tinstall | Tcheck | Ttotal | Status | Flags |
---|---|---|---|---|---|---|
r-devel-linux-x86_64-debian-clang | 1.3.4 | 2.87 | 41.27 | 44.14 | OK | |
r-devel-linux-x86_64-debian-gcc | 1.3.4 | 1.95 | 33.63 | 35.58 | OK | |
r-devel-linux-x86_64-fedora-clang | 1.3.4 | 71.88 | OK | |||
r-devel-linux-x86_64-fedora-gcc | 1.3.4 | 68.11 | OK | |||
r-devel-macos-arm64 | 1.3.4 | 24.00 | OK | |||
r-devel-macos-x86_64 | 1.3.4 | 46.00 | OK | |||
r-devel-windows-x86_64 | 1.3.4 | 4.00 | 77.00 | 81.00 | OK | |
r-patched-linux-x86_64 | 1.3.4 | 2.97 | 35.64 | 38.61 | OK | |
r-release-linux-x86_64 | 1.3.4 | 2.76 | 36.21 | 38.97 | OK | |
r-release-macos-arm64 | 1.3.4 | 29.00 | OK | |||
r-release-macos-x86_64 | 1.3.4 | 34.00 | OK | |||
r-release-windows-x86_64 | 1.3.4 | 5.00 | 3.00 | 8.00 | FAIL | |
r-oldrel-macos-arm64 | 1.3.4 | 35.00 | OK | |||
r-oldrel-macos-x86_64 | 1.3.4 | 76.00 | OK | |||
r-oldrel-windows-x86_64 | 1.3.4 | 5.00 | 83.00 | 88.00 | OK |
Version: 1.3.4
Check: package dependencies
Result: FAIL
Flavor: r-release-windows-x86_64