CRAN Package Check Results for Package WpProj

Last updated on 2025-06-30 07:49:35 CEST.

Flavor Version Tinstall Tcheck Ttotal Status Flags
r-devel-linux-x86_64-debian-clang 0.2.3 159.85 332.11 491.96 OK
r-devel-linux-x86_64-debian-gcc 0.2.3 118.58 217.85 336.43 OK
r-devel-linux-x86_64-fedora-clang 0.2.3 835.35 OK
r-devel-linux-x86_64-fedora-gcc 0.2.3 835.74 OK
r-devel-windows-x86_64 0.2.3 163.00 316.00 479.00 OK
r-patched-linux-x86_64 OK
r-release-linux-x86_64 0.2.3 160.74 318.89 479.63 OK
r-release-macos-arm64 0.2.3 180.00 OK
r-release-macos-x86_64 0.2.3 359.00 OK
r-release-windows-x86_64 0.2.3 167.00 310.00 477.00 OK
r-oldrel-macos-arm64 0.2.3 181.00 NOTE
r-oldrel-macos-x86_64 0.2.3 362.00 NOTE
r-oldrel-windows-x86_64 0.2.3 197.00 437.00 634.00 OK

Additional issues

Strict

Check Details

Version: 0.2.3
Check: installed package size
Result: NOTE installed size is 43.3Mb sub-directories of 1Mb or more: libs 42.3Mb Flavors: r-oldrel-macos-arm64, r-oldrel-macos-x86_64