Last updated on 2025-06-30 07:49:34 CEST.
Flavor | Version | Tinstall | Tcheck | Ttotal | Status | Flags |
---|---|---|---|---|---|---|
r-devel-linux-x86_64-debian-clang | 1.1-13 | 100.36 | 563.78 | 664.14 | OK | |
r-devel-linux-x86_64-debian-gcc | 1.1-13 | 69.77 | 339.22 | 408.99 | OK | |
r-devel-linux-x86_64-fedora-clang | 1.1-13 | 1069.56 | OK | |||
r-devel-linux-x86_64-fedora-gcc | 1.1-13 | 990.89 | OK | |||
r-devel-windows-x86_64 | 1.1-13 | 109.00 | 617.00 | 726.00 | OK | |
r-patched-linux-x86_64 | OK | |||||
r-release-linux-x86_64 | 1.1-13 | 85.77 | 512.81 | 598.58 | OK | |
r-release-macos-arm64 | 1.1-13 | 191.00 | OK | |||
r-release-macos-x86_64 | 1.1-13 | 456.00 | OK | |||
r-release-windows-x86_64 | 1.1-13 | 114.00 | 625.00 | 739.00 | OK | |
r-oldrel-macos-arm64 | 1.1-13 | 194.00 | NOTE | |||
r-oldrel-macos-x86_64 | 1.1-13 | 486.00 | NOTE | |||
r-oldrel-windows-x86_64 | 1.1-13 | 127.00 | 760.00 | 887.00 | NOTE |
Version: 1.1-13
Check: installed package size
Result: NOTE
installed size is 10.3Mb
sub-directories of 1Mb or more:
R 5.1Mb
help 4.0Mb
Flavors: r-oldrel-macos-arm64, r-oldrel-macos-x86_64, r-oldrel-windows-x86_64