Last updated on 2024-07-26 07:52:06 CEST.
Flavor | Version | Tinstall | Tcheck | Ttotal | Status | Flags |
---|---|---|---|---|---|---|
r-devel-linux-x86_64-debian-clang | 0.6.2 | 1.89 | 23.20 | 25.09 | NOTE | |
r-devel-linux-x86_64-debian-gcc | 0.6.2 | 1.49 | 17.70 | 19.19 | NOTE | |
r-devel-linux-x86_64-fedora-clang | 0.6.2 | 32.24 | NOTE | |||
r-devel-linux-x86_64-fedora-gcc | 0.6.2 | 29.94 | NOTE | |||
r-devel-windows-x86_64 | 0.6.2 | 3.00 | 38.00 | 41.00 | NOTE | |
r-patched-linux-x86_64 | 0.6.2 | NOTE | ||||
r-release-linux-x86_64 | 0.6.2 | 1.89 | 21.98 | 23.87 | NOTE | |
r-release-macos-arm64 | 0.6.2 | 17.00 | NOTE | |||
r-release-macos-x86_64 | 0.6.2 | 19.00 | NOTE | |||
r-release-windows-x86_64 | 0.6.2 | 2.00 | 37.00 | 39.00 | NOTE | |
r-oldrel-macos-arm64 | 0.6.2 | 15.00 | OK | |||
r-oldrel-macos-x86_64 | 0.6.2 | 26.00 | OK | |||
r-oldrel-windows-x86_64 | 0.6.2 | 5.00 | 37.00 | 42.00 | OK |
Version: 0.6.2
Check: Rd files
Result: NOTE
checkRd: (-1) decomposition.Rd:27: Lost braces in \itemize; \value handles \item{}{} directly
checkRd: (-1) decomposition.Rd:28: Lost braces in \itemize; \value handles \item{}{} directly
checkRd: (-1) decomposition.Rd:29: Lost braces in \itemize; \value handles \item{}{} directly
checkRd: (-1) estimation.Rd:27: Lost braces in \itemize; \value handles \item{}{} directly
checkRd: (-1) estimation.Rd:28: Lost braces in \itemize; \value handles \item{}{} directly
checkRd: (-1) estimation.Rd:29: Lost braces in \itemize; \value handles \item{}{} directly
checkRd: (-1) moving.decomposition.Rd:27-28: Lost braces in \itemize; \value handles \item{}{} directly
checkRd: (-1) moving.decomposition.Rd:28: Lost braces
28 | \item{W2}{nxn matrix of weights. Season is estimated as W2 \%}\% y, if y is the data vector}
| ^
checkRd: (-1) moving.decomposition.Rd:28: Lost braces
28 | \item{W2}{nxn matrix of weights. Season is estimated as W2 \%}\% y, if y is the data vector}
| ^
checkRd: (-1) moving.estimation.Rd:29: Lost braces in \itemize; \value handles \item{}{} directly
checkRd: (-1) moving.estimation.Rd:30: Lost braces in \itemize; \value handles \item{}{} directly
checkRd: (-1) moving.estimation.Rd:31: Lost braces in \itemize; \value handles \item{}{} directly
Flavors: r-devel-linux-x86_64-debian-clang, r-devel-linux-x86_64-debian-gcc, r-devel-linux-x86_64-fedora-clang, r-devel-linux-x86_64-fedora-gcc, r-devel-windows-x86_64, r-patched-linux-x86_64, r-release-linux-x86_64, r-release-macos-arm64, r-release-macos-x86_64, r-release-windows-x86_64