Last updated on 2024-07-26 07:52:05 CEST.
Flavor | Version | Tinstall | Tcheck | Ttotal | Status | Flags |
---|---|---|---|---|---|---|
r-devel-linux-x86_64-debian-clang | 4.4.2 | 23.35 | 47.49 | 70.84 | OK | |
r-devel-linux-x86_64-debian-gcc | 4.4.2 | 15.62 | 36.34 | 51.96 | NOTE | |
r-devel-linux-x86_64-fedora-gcc | 4.4.2 | 109.11 | OK | |||
r-devel-windows-x86_64 | 4.4.2 | 59.00 | 113.00 | 172.00 | NOTE | |
r-patched-linux-x86_64 | 4.4.2 | OK | ||||
r-release-linux-x86_64 | 4.4.2 | 20.73 | 44.85 | 65.58 | OK | |
r-release-macos-arm64 | 4.4.2 | 60.00 | NOTE | |||
r-release-macos-x86_64 | 4.4.2 | 67.00 | NOTE | |||
r-release-windows-x86_64 | 4.4.2 | 60.00 | 115.00 | 175.00 | NOTE | |
r-oldrel-macos-arm64 | 4.4.2 | 75.00 | NOTE | |||
r-oldrel-macos-x86_64 | 4.4.2 | 196.00 | NOTE | |||
r-oldrel-windows-x86_64 | 4.4.2 | 101.00 | 141.00 | 242.00 | NOTE |
Version: 4.4.2
Check: Rd cross-references
Result: NOTE
Found the following Rd file(s) with Rd \link{} targets missing package
anchors:
V8.Rd: fromJSON, toJSON
Please provide package anchors for all Rd \link{} targets not in the
package itself and the base packages.
Flavors: r-devel-linux-x86_64-debian-gcc, r-devel-windows-x86_64
Version: 4.4.2
Check: installed package size
Result: NOTE
installed size is 23.9Mb
sub-directories of 1Mb or more:
doc 1.8Mb
libs 21.9Mb
Flavors: r-devel-windows-x86_64, r-release-macos-arm64, r-release-macos-x86_64, r-release-windows-x86_64, r-oldrel-macos-arm64, r-oldrel-macos-x86_64, r-oldrel-windows-x86_64