Last updated on 2025-11-03 07:48:56 CET.
| Flavor | Version | Tinstall | Tcheck | Ttotal | Status | Flags |
|---|---|---|---|---|---|---|
| r-devel-linux-x86_64-debian-clang | 2.5.0 | 45.25 | 350.84 | 396.09 | OK | |
| r-devel-linux-x86_64-debian-gcc | 2.5.0 | 32.88 | 265.09 | 297.97 | OK | |
| r-devel-linux-x86_64-fedora-clang | 2.5.0 | 246.00 | 410.45 | 656.45 | OK | |
| r-devel-linux-x86_64-fedora-gcc | 2.5.0 | 233.00 | 397.06 | 630.06 | OK | |
| r-devel-windows-x86_64 | 2.5.0 | 46.00 | 298.00 | 344.00 | OK | |
| r-patched-linux-x86_64 | 2.5.0 | 0.31 | 1.96 | 2.27 | ERROR | |
| r-release-linux-x86_64 | 2.5.0 | 41.90 | 329.74 | 371.64 | OK | |
| r-release-macos-arm64 | 2.5.0 | 17.00 | 97.00 | 114.00 | OK | |
| r-release-macos-x86_64 | 2.5.0 | 35.00 | 218.00 | 253.00 | OK | |
| r-release-windows-x86_64 | 2.5.0 | 45.00 | 289.00 | 334.00 | OK | |
| r-oldrel-macos-arm64 | 2.5.0 | 20.00 | 110.00 | 130.00 | OK | |
| r-oldrel-macos-x86_64 | 2.5.0 | 35.00 | 246.00 | 281.00 | OK | |
| r-oldrel-windows-x86_64 | 2.5.0 | 62.00 | 395.00 | 457.00 | OK |
Version: 2.5.0
Check: package dependencies
Result: ERROR
Package required but not available: ‘alakazam’
See section ‘The DESCRIPTION file’ in the ‘Writing R Extensions’
manual.
Flavor: r-patched-linux-x86_64