Last updated on 2024-07-26 07:52:05 CEST.
Flavor | Version | Tinstall | Tcheck | Ttotal | Status | Flags |
---|---|---|---|---|---|---|
r-devel-linux-x86_64-debian-clang | 0.1.6.3 | 97.30 | 69.95 | 167.25 | OK | |
r-devel-linux-x86_64-debian-gcc | 0.1.6.3 | 70.64 | 53.23 | 123.87 | NOTE | |
r-devel-linux-x86_64-fedora-clang | 0.1.6.3 | 260.69 | OK | |||
r-devel-linux-x86_64-fedora-gcc | 0.1.6.3 | 242.87 | OK | |||
r-devel-windows-x86_64 | 0.1.6.3 | 89.00 | 140.00 | 229.00 | NOTE | |
r-patched-linux-x86_64 | 0.1.6.3 | OK | ||||
r-release-linux-x86_64 | 0.1.6.3 | 83.10 | 68.04 | 151.14 | OK | |
r-release-macos-arm64 | 0.1.6.3 | 59.00 | NOTE | |||
r-release-macos-x86_64 | 0.1.6.3 | 64.00 | NOTE | |||
r-release-windows-x86_64 | 0.1.6.3 | 103.00 | 97.00 | 200.00 | OK | |
r-oldrel-macos-arm64 | 0.1.6.3 | 77.00 | NOTE | |||
r-oldrel-macos-x86_64 | 0.1.6.3 | 69.00 | NOTE | |||
r-oldrel-windows-x86_64 | 0.1.6.3 | 107.00 | 113.00 | 220.00 | OK |
Version: 0.1.6.3
Check: Rd cross-references
Result: NOTE
Found the following Rd file(s) with Rd \link{} targets missing package
anchors:
TukeyRegion-package.Rd: depth.halfspace, ddalpha
depth.wm.Rd: depth.halfspace, ddalpha
plot.TukeyRegion.Rd: rgl
Please provide package anchors for all Rd \link{} targets not in the
package itself and the base packages.
Flavors: r-devel-linux-x86_64-debian-gcc, r-devel-windows-x86_64
Version: 0.1.6.3
Check: installed package size
Result: NOTE
installed size is 5.6Mb
sub-directories of 1Mb or more:
libs 5.5Mb
Flavors: r-release-macos-arm64, r-release-macos-x86_64, r-oldrel-macos-arm64, r-oldrel-macos-x86_64