CRAN Package Check Results for Package TrioSGL

Last updated on 2025-05-09 07:51:11 CEST.

Flavor Version Tinstall Tcheck Ttotal Status Flags
r-devel-linux-x86_64-debian-clang 1.1.0 3.30 18.97 22.27 NOTE
r-devel-linux-x86_64-debian-gcc 1.1.0 2.61 15.76 18.37 NOTE
r-devel-linux-x86_64-fedora-clang 1.1.0 36.91 OK
r-devel-linux-x86_64-fedora-gcc 1.1.0 34.11 OK
r-devel-windows-x86_64 1.1.0 6.00 47.00 53.00 OK
r-patched-linux-x86_64 1.1.0 3.09 18.39 21.48 OK
r-release-linux-x86_64 1.1.0 3.27 18.21 21.48 OK
r-release-macos-arm64 1.1.0 16.00 OK
r-release-macos-x86_64 1.1.0 28.00 OK
r-release-windows-x86_64 1.1.0 6.00 49.00 55.00 OK
r-oldrel-macos-arm64 1.1.0 15.00 OK
r-oldrel-macos-x86_64 1.1.0 24.00 OK
r-oldrel-windows-x86_64 1.1.0 6.00 46.00 52.00 OK

Check Details

Version: 1.1.0
Check: CRAN incoming feasibility
Result: NOTE Maintainer: ‘Timo Stöcker <timo.stoecker@hhu.de>’ No Authors@R field in DESCRIPTION. Please add one, modifying Authors@R: c(person(given = "Timo", family = "Stöcker", role = c("aut", "cre"), email = "timo.stoecker@hhu.de"), person(given = "Noah", family = "Simon", role = "aut"), person(given = "Jerome", family = "Friedman", role = "aut"), person(given = "Trevor", family = "Hastie", role = "aut"), person(given = "Rob", family = "Tibshirani", role = "aut")) as necessary. Flavors: r-devel-linux-x86_64-debian-clang, r-devel-linux-x86_64-debian-gcc