Last updated on 2025-02-19 07:54:02 CET.
Flavor | Version | Tinstall | Tcheck | Ttotal | Status | Flags |
---|---|---|---|---|---|---|
r-devel-linux-x86_64-debian-clang | 1.0 | 10.53 | 87.87 | 98.40 | NOTE | |
r-devel-linux-x86_64-debian-gcc | 1.0 | 6.55 | 59.96 | 66.51 | NOTE | |
r-devel-linux-x86_64-fedora-clang | 1.0 | 165.51 | OK | |||
r-devel-linux-x86_64-fedora-gcc | 1.0 | 141.93 | OK | |||
r-devel-macos-arm64 | 1.0 | 42.00 | OK | |||
r-devel-macos-x86_64 | 1.0 | 84.00 | OK | |||
r-devel-windows-x86_64 | 1.0 | 11.00 | 103.00 | 114.00 | NOTE | |
r-patched-linux-x86_64 | 1.0 | 16.13 | 82.20 | 98.33 | OK | |
r-release-linux-x86_64 | 1.0 | 10.03 | 82.27 | 92.30 | OK | |
r-release-macos-arm64 | 1.0 | 42.00 | OK | |||
r-release-macos-x86_64 | 1.0 | 65.00 | OK | |||
r-release-windows-x86_64 | 1.0 | 11.00 | 3.00 | 14.00 | FAIL | |
r-oldrel-macos-arm64 | 1.0 | 100.00 | OK | |||
r-oldrel-macos-x86_64 | 1.0 | 70.00 | OK | |||
r-oldrel-windows-x86_64 | 1.0 | 15.00 | 121.00 | 136.00 | OK |
Version: 1.0
Check: Rd cross-references
Result: NOTE
Found the following Rd file(s) with Rd \link{} targets missing package
anchors:
check.decomp.Rd: Rssa
Please provide package anchors for all Rd \link{} targets not in the
package itself and the base packages.
Flavors: r-devel-linux-x86_64-debian-clang, r-devel-linux-x86_64-debian-gcc, r-devel-windows-x86_64
Version: 1.0
Check: package dependencies
Result: FAIL
Flavor: r-release-windows-x86_64