Last updated on 2025-02-07 07:49:21 CET.
Flavor | Version | Tinstall | Tcheck | Ttotal | Status | Flags |
---|---|---|---|---|---|---|
r-devel-linux-x86_64-debian-clang | 1.0.1 | 10.02 | 77.76 | 87.78 | OK | |
r-devel-linux-x86_64-debian-gcc | 1.0.1 | 5.84 | 58.12 | 63.96 | OK | |
r-devel-linux-x86_64-fedora-clang | 1.0.1 | 147.99 | OK | |||
r-devel-linux-x86_64-fedora-gcc | 1.0.1 | 143.87 | OK | |||
r-devel-windows-x86_64 | 1.0.1 | 11.00 | 88.00 | 99.00 | OK | |
r-patched-linux-x86_64 | 1.0.1 | 9.49 | 72.61 | 82.10 | OK | |
r-release-linux-x86_64 | 1.0.1 | 8.77 | 74.71 | 83.48 | OK | |
r-release-macos-arm64 | 1.0.1 | 47.00 | OK | |||
r-release-macos-x86_64 | 1.0.1 | 77.00 | OK | |||
r-release-windows-x86_64 | 1.0.1 | 11.00 | 89.00 | 100.00 | OK | |
r-oldrel-macos-arm64 | 1.0.1 | 54.00 | OK | |||
r-oldrel-macos-x86_64 | 1.0.1 | 114.00 | OK | |||
r-oldrel-windows-x86_64 | 1.0.1 | 11.00 | 105.00 | 116.00 | ERROR |
Version: 1.0.1
Check: examples
Result: ERROR
Running examples in 'TransGraph-Ex.R' failed
The error most likely occurred in:
> ### Name: TLLiNGAM
> ### Title: Learning linear non-Gaussian DAG via topological layers.
> ### Aliases: TLLiNGAM
>
> ### ** Examples
>
> library(TransGraph)
> # load example data from github repository
> # Please refer to https://github.com/Ren-Mingyang/example_data_TransGraph
> # for detailed data information
> githublink = "https://github.com/Ren-Mingyang/example_data_TransGraph/"
> load(url(paste0(githublink,"raw/main/example.data.singleDAG.RData")))
Warning in load(url(paste0(githublink, "raw/main/example.data.singleDAG.RData"))) :
URL 'https://github.com/Ren-Mingyang/example_data_TransGraph/raw/main/example.data.singleDAG.RData': status was 'SSL connect error'
Error in load(url(paste0(githublink, "raw/main/example.data.singleDAG.RData"))) :
cannot open the connection to 'https://github.com/Ren-Mingyang/example_data_TransGraph/raw/main/example.data.singleDAG.RData'
Execution halted
Flavor: r-oldrel-windows-x86_64