Last updated on 2025-02-19 07:54:02 CET.
Flavor | Version | Tinstall | Tcheck | Ttotal | Status | Flags |
---|---|---|---|---|---|---|
r-devel-linux-x86_64-debian-clang | 2.0.1 | 4.86 | 43.95 | 48.81 | OK | |
r-devel-linux-x86_64-debian-gcc | 2.0.1 | 3.24 | 32.44 | 35.68 | OK | |
r-devel-linux-x86_64-fedora-clang | 2.0.1 | 80.49 | OK | |||
r-devel-linux-x86_64-fedora-gcc | 2.0.1 | 70.61 | OK | |||
r-devel-macos-arm64 | 2.0.1 | 26.00 | OK | |||
r-devel-macos-x86_64 | 2.0.1 | 44.00 | OK | |||
r-devel-windows-x86_64 | 2.0.1 | 6.00 | 59.00 | 65.00 | OK | |
r-patched-linux-x86_64 | 2.0.1 | 4.33 | 41.14 | 45.47 | OK | |
r-release-linux-x86_64 | 2.0.1 | 4.36 | 40.52 | 44.88 | OK | |
r-release-macos-arm64 | 2.0.1 | 27.00 | OK | |||
r-release-macos-x86_64 | 2.0.1 | 36.00 | OK | |||
r-release-windows-x86_64 | 2.0.1 | 5.00 | 3.00 | 8.00 | FAIL | |
r-oldrel-macos-arm64 | 2.0.1 | 23.00 | OK | |||
r-oldrel-macos-x86_64 | 2.0.1 | 34.00 | OK | |||
r-oldrel-windows-x86_64 | 2.0.1 | 7.00 | 77.00 | 84.00 | OK |
Version: 2.0.1
Check: package dependencies
Result: FAIL
Flavor: r-release-windows-x86_64