Last updated on 2024-05-13 07:50:19 CEST.
Flavor | Version | Tinstall | Tcheck | Ttotal | Status | Flags |
---|---|---|---|---|---|---|
r-devel-linux-x86_64-debian-clang | 0.1.2 | 10.64 | 86.98 | 97.62 | OK | |
r-devel-linux-x86_64-debian-gcc | 0.1.2 | 6.77 | 63.74 | 70.51 | OK | |
r-devel-linux-x86_64-fedora-clang | 0.1.2 | 119.61 | NOTE | |||
r-devel-linux-x86_64-fedora-gcc | 0.1.2 | 166.68 | OK | |||
r-devel-windows-x86_64 | 0.1.2 | 9.00 | 147.00 | 156.00 | OK | |
r-patched-linux-x86_64 | 0.1.2 | 11.98 | 83.55 | 95.53 | OK | |
r-release-linux-x86_64 | 0.1.2 | 11.10 | 83.38 | 94.48 | OK | |
r-release-macos-arm64 | 0.1.2 | 36.00 | OK | |||
r-release-macos-x86_64 | 0.1.2 | 98.00 | OK | |||
r-release-windows-x86_64 | 0.1.2 | 10.00 | 80.00 | 90.00 | OK | |
r-oldrel-macos-arm64 | 0.1.1 | 27.00 | OK | |||
r-oldrel-macos-x86_64 | 0.1.1 | 49.00 | OK | |||
r-oldrel-windows-x86_64 | 0.1.1 | 6.00 | 61.00 | 67.00 | OK |
Version: 0.1.2
Check: Rd cross-references
Result: NOTE
Undeclared package ‘units’ in Rd xrefs
Flavor: r-devel-linux-x86_64-fedora-clang