CRAN Package Check Results for Package TestsSymmetry

Last updated on 2025-02-17 07:50:49 CET.

Flavor Version Tinstall Tcheck Ttotal Status Flags
r-devel-linux-x86_64-debian-clang 1.0.0 11.83 25.22 37.05 OK
r-devel-linux-x86_64-debian-gcc 1.0.0 8.43 20.00 28.43 OK
r-devel-linux-x86_64-fedora-clang 1.0.0 67.40 NOTE
r-devel-linux-x86_64-fedora-gcc 1.0.0 61.14 NOTE
r-devel-macos-arm64 1.0.0 22.00 OK
r-devel-macos-x86_64 1.0.0 34.00 OK
r-devel-windows-x86_64 1.0.0 15.00 62.00 77.00 OK
r-patched-linux-x86_64 1.0.0 10.49 23.54 34.03 OK
r-release-linux-x86_64 1.0.0 11.25 23.95 35.20 OK
r-release-macos-arm64 1.0.0 23.00 OK
r-release-macos-x86_64 1.0.0 32.00 OK
r-release-windows-x86_64 1.0.0 16.00 72.00 88.00 OK
r-oldrel-macos-arm64 1.0.0 30.00 OK
r-oldrel-macos-x86_64 1.0.0 43.00 OK
r-oldrel-windows-x86_64 1.0.0 18.00 100.00 118.00 OK

Check Details

Version: 1.0.0
Check: dependencies in R code
Result: NOTE Namespace in Imports field not imported from: ‘MASS’ All declared Imports should be used. Flavors: r-devel-linux-x86_64-fedora-clang, r-devel-linux-x86_64-fedora-gcc