Last updated on 2025-02-06 07:50:48 CET.
Flavor | Version | Tinstall | Tcheck | Ttotal | Status | Flags |
---|---|---|---|---|---|---|
r-devel-linux-x86_64-debian-clang | 0.9.2 | 7.33 | 58.72 | 66.05 | NOTE | |
r-devel-linux-x86_64-debian-gcc | 0.9.2 | 5.65 | 43.39 | 49.04 | NOTE | |
r-devel-linux-x86_64-fedora-clang | 0.9.2 | 114.21 | NOTE | |||
r-devel-linux-x86_64-fedora-gcc | 0.9.2 | 111.60 | NOTE | |||
r-devel-windows-x86_64 | 0.9.2 | 9.00 | 122.00 | 131.00 | NOTE | |
r-patched-linux-x86_64 | 0.9.2 | 6.49 | 53.48 | 59.97 | NOTE | |
r-release-linux-x86_64 | 0.9.2 | 7.04 | 54.18 | 61.22 | NOTE | |
r-release-macos-arm64 | 0.9.2 | 38.00 | NOTE | |||
r-release-macos-x86_64 | 0.9.2 | 57.00 | NOTE | |||
r-release-windows-x86_64 | 0.9.2 | 10.00 | 177.00 | 187.00 | NOTE | |
r-oldrel-macos-arm64 | 0.9.2 | 39.00 | OK | |||
r-oldrel-macos-x86_64 | 0.9.2 | 66.00 | OK | |||
r-oldrel-windows-x86_64 | 0.9.2 | 11.00 | 202.00 | 213.00 | OK |
Version: 0.9.2
Check: Rd files
Result: NOTE
checkRd: (-1) MC_CRUDE.Rd:19: Lost braces; missing escapes or markup?
19 | \item{lsf}{objective function with limit state function in form of function(x) {x[1]+x[2]...}}
| ^
checkRd: (-1) MC_IS.Rd:23: Lost braces; missing escapes or markup?
23 | \item{lsf}{objective function with limit state function in form of function(x) {x[1]+x[2]...}}
| ^
checkRd: (-1) PROB_BASEVAR-class.Rd:14: Lost braces
14 | \item{\code{Id}}{Place in vector of objective functional expression function(x){x[id]}}
| ^
checkRd: (-1) PROB_DETVAR-class.Rd:14: Lost braces
14 | \item{\code{Id}}{Place in vector of objective functional expression function(x){x[id]}}
| ^
checkRd: (-1) SORM.Rd:10: Lost braces; missing escapes or markup?
10 | \item{lsf}{objective function with limit state function in form of function(x) {x[1]+x[2]...}}
| ^
checkRd: (-1) SYS_LSF-class.Rd:16: Lost braces
16 | \item{\code{func}}{prepared for objective functions like SYS_LSF$func <- function(x){return(x[1] + x[2])}}
| ^
Flavors: r-devel-linux-x86_64-debian-clang, r-devel-linux-x86_64-debian-gcc, r-devel-linux-x86_64-fedora-clang, r-devel-linux-x86_64-fedora-gcc, r-devel-windows-x86_64, r-patched-linux-x86_64, r-release-linux-x86_64, r-release-macos-arm64, r-release-macos-x86_64, r-release-windows-x86_64