Last updated on 2025-02-19 07:54:01 CET.
Flavor | Version | Tinstall | Tcheck | Ttotal | Status | Flags |
---|---|---|---|---|---|---|
r-devel-linux-x86_64-debian-clang | 3.2.2 | 4.00 | 47.69 | 51.69 | OK | |
r-devel-linux-x86_64-debian-gcc | 3.2.2 | 3.23 | 36.50 | 39.73 | OK | |
r-devel-linux-x86_64-fedora-clang | 3.2.2 | 84.52 | OK | |||
r-devel-linux-x86_64-fedora-gcc | 3.2.2 | 91.57 | OK | |||
r-devel-macos-arm64 | 3.2.2 | 35.00 | OK | |||
r-devel-macos-x86_64 | 3.2.2 | 66.00 | OK | |||
r-devel-windows-x86_64 | 3.2.2 | 4.00 | 85.00 | 89.00 | OK | |
r-patched-linux-x86_64 | 3.2.2 | 3.71 | 45.79 | 49.50 | OK | |
r-release-linux-x86_64 | 3.2.2 | 3.70 | 45.16 | 48.86 | OK | |
r-release-macos-arm64 | 3.2.2 | 34.00 | OK | |||
r-release-macos-x86_64 | 3.2.2 | 52.00 | OK | |||
r-release-windows-x86_64 | 3.2.2 | 4.00 | 3.00 | 7.00 | FAIL | |
r-oldrel-macos-arm64 | 3.2.2 | 35.00 | OK | |||
r-oldrel-macos-x86_64 | 3.2.2 | 65.00 | OK | |||
r-oldrel-windows-x86_64 | 3.2.2 | 6.00 | 82.00 | 88.00 | OK |
Version: 3.2.2
Check: package dependencies
Result: FAIL
Flavor: r-release-windows-x86_64