Last updated on 2025-02-17 07:50:50 CET.
Flavor | Version | Tinstall | Tcheck | Ttotal | Status | Flags |
---|---|---|---|---|---|---|
r-devel-linux-x86_64-debian-clang | 1.3.1 | 12.01 | 101.76 | 113.77 | NOTE | |
r-devel-linux-x86_64-debian-gcc | 1.3.1 | 9.05 | 75.32 | 84.37 | NOTE | |
r-devel-linux-x86_64-fedora-clang | 1.3.1 | 198.58 | NOTE | |||
r-devel-linux-x86_64-fedora-gcc | 1.3.1 | 181.91 | NOTE | |||
r-devel-macos-arm64 | 1.3.1 | 75.00 | NOTE | |||
r-devel-macos-x86_64 | 1.3.1 | 133.00 | NOTE | |||
r-devel-windows-x86_64 | 1.3.1 | 12.00 | 111.00 | 123.00 | NOTE | |
r-patched-linux-x86_64 | 1.3.1 | 18.24 | 93.96 | 112.20 | NOTE | |
r-release-linux-x86_64 | 1.3.1 | 11.67 | 95.91 | 107.58 | NOTE | |
r-release-macos-arm64 | 1.3.1 | 90.00 | NOTE | |||
r-release-macos-x86_64 | 1.3.1 | 80.00 | NOTE | |||
r-release-windows-x86_64 | 1.3.1 | 13.00 | 109.00 | 122.00 | NOTE | |
r-oldrel-macos-arm64 | 1.3.1 | 48.00 | OK | |||
r-oldrel-macos-x86_64 | 1.3.1 | 82.00 | NOTE | |||
r-oldrel-windows-x86_64 | 1.3.1 | 16.00 | 125.00 | 141.00 | OK |
Version: 1.3.1
Check: Rd files
Result: NOTE
checkRd: (-1) diss.AR.LPC.CEPS.Rd:39: Lost braces; missing escapes or markup?
39 | If \code{order.x} or {order.y} are \code{NULL}, their respective series will be fitted automatically using a AR model.
| ^
checkRd: (-1) diss.AR.PIC.Rd:31: Lost braces; missing escapes or markup?
31 | If \code{order.x} or {order.y} are \code{NULL}, their respective series will be fitted automatically using a AR model. If \code{permissive} is \code{TRUE} and no AR order is found automatically, an AR order of 1 will be imposed, if this case fails, then no order can be found and the function produces an error.
| ^
Flavors: r-devel-linux-x86_64-debian-clang, r-devel-linux-x86_64-debian-gcc, r-devel-linux-x86_64-fedora-clang, r-devel-linux-x86_64-fedora-gcc, r-devel-macos-arm64, r-devel-macos-x86_64, r-devel-windows-x86_64, r-patched-linux-x86_64, r-release-linux-x86_64, r-release-macos-arm64, r-release-macos-x86_64, r-release-windows-x86_64
Version: 1.3.1
Check: Rd cross-references
Result: NOTE
Found the following Rd file(s) with Rd \link{} targets missing package
anchors:
diss.DTWARP.Rd: pdc
diss.FRECHET.Rd: longitudinalData
diss.PDC.Rd: pdc
diss.Rd: pdc
Please provide package anchors for all Rd \link{} targets not in the
package itself and the base packages.
Flavors: r-devel-linux-x86_64-debian-clang, r-devel-linux-x86_64-debian-gcc, r-devel-windows-x86_64
Version: 1.3.1
Check: Rd cross-references
Result: NOTE
Package unavailable to check Rd xrefs: ‘fpc’
Flavor: r-oldrel-macos-x86_64