Last updated on 2024-07-26 07:52:05 CEST.
Flavor | Version | Tinstall | Tcheck | Ttotal | Status | Flags |
---|---|---|---|---|---|---|
r-devel-linux-x86_64-debian-clang | 1.0.4 | 28.52 | 81.04 | 109.56 | OK | |
r-devel-linux-x86_64-debian-gcc | 1.0.4 | 24.67 | 65.50 | 90.17 | OK | |
r-devel-linux-x86_64-fedora-clang | 1.0.4 | 149.80 | OK | |||
r-devel-linux-x86_64-fedora-gcc | 1.0.4 | 157.84 | OK | |||
r-devel-windows-x86_64 | 1.0.4 | 33.00 | 86.00 | 119.00 | OK | |
r-patched-linux-x86_64 | 1.0.4 | OK | ||||
r-release-linux-x86_64 | 1.0.4 | 25.25 | 81.57 | 106.82 | OK | |
r-release-macos-arm64 | 1.0.4 | 69.00 | NOTE | |||
r-release-macos-x86_64 | 1.0.4 | 92.00 | NOTE | |||
r-release-windows-x86_64 | 1.0.4 | 32.00 | 203.00 | 235.00 | OK | |
r-oldrel-macos-arm64 | 1.0.4 | 70.00 | NOTE | |||
r-oldrel-macos-x86_64 | 1.0.4 | 101.00 | NOTE | |||
r-oldrel-windows-x86_64 | 1.0.4 | 37.00 | 230.00 | 267.00 | OK |
Version: 1.0.4
Check: installed package size
Result: NOTE
installed size is 5.3Mb
sub-directories of 1Mb or more:
data 5.1Mb
Flavors: r-release-macos-arm64, r-release-macos-x86_64, r-oldrel-macos-arm64, r-oldrel-macos-x86_64