Last updated on 2024-05-09 07:57:01 CEST.
Flavor | Version | Tinstall | Tcheck | Ttotal | Status | Flags |
---|---|---|---|---|---|---|
r-devel-linux-x86_64-debian-clang | 1.9.11 | 103.86 | 91.71 | 195.57 | OK | |
r-devel-linux-x86_64-debian-gcc | 1.9.11 | 88.30 | 70.07 | 158.37 | OK | |
r-devel-linux-x86_64-fedora-clang | 1.9.11 | 227.90 | NOTE | |||
r-devel-linux-x86_64-fedora-gcc | 1.9.11 | 333.14 | OK | |||
r-devel-windows-x86_64 | 1.9.11 | 94.00 | 91.00 | 185.00 | NOTE | |
r-patched-linux-x86_64 | 1.9.11 | 108.55 | 88.01 | 196.56 | OK | |
r-release-linux-x86_64 | 1.9.11 | 105.46 | 90.05 | 195.51 | OK | |
r-release-macos-arm64 | 1.9.11 | 66.00 | NOTE | |||
r-release-macos-x86_64 | 1.9.11 | 220.00 | NOTE | |||
r-release-windows-x86_64 | 1.9.11 | 94.00 | 88.00 | 182.00 | NOTE | |
r-oldrel-macos-arm64 | 1.9.11 | 71.00 | NOTE | |||
r-oldrel-macos-x86_64 | 1.9.11 | 204.00 | NOTE | |||
r-oldrel-windows-x86_64 | 1.9.11 | 118.00 | 104.00 | 222.00 | NOTE |
Version: 1.9.11
Check: installed package size
Result: NOTE
installed size is 5.3Mb
sub-directories of 1Mb or more:
examples 1.2Mb
include 3.7Mb
Flavors: r-devel-linux-x86_64-fedora-clang, r-devel-windows-x86_64, r-release-macos-arm64, r-release-macos-x86_64, r-release-windows-x86_64, r-oldrel-macos-arm64, r-oldrel-macos-x86_64, r-oldrel-windows-x86_64