Last updated on 2025-02-19 07:54:01 CET.
Flavor | Version | Tinstall | Tcheck | Ttotal | Status | Flags |
---|---|---|---|---|---|---|
r-devel-linux-x86_64-debian-clang | 0.1.0 | 3.85 | 51.80 | 55.65 | OK | |
r-devel-linux-x86_64-debian-gcc | 0.1.0 | 3.07 | 35.89 | 38.96 | OK | |
r-devel-linux-x86_64-fedora-clang | 0.1.0 | 95.97 | OK | |||
r-devel-linux-x86_64-fedora-gcc | 0.1.0 | 84.48 | OK | |||
r-devel-macos-arm64 | 0.1.0 | 30.00 | OK | |||
r-devel-macos-x86_64 | 0.1.0 | 59.00 | OK | |||
r-devel-windows-x86_64 | 0.1.0 | 6.00 | 66.00 | 72.00 | OK | |
r-patched-linux-x86_64 | 0.1.0 | 2.82 | 48.08 | 50.90 | OK | |
r-release-linux-x86_64 | 0.1.0 | 3.71 | 47.79 | 51.50 | OK | |
r-release-macos-arm64 | 0.1.0 | 195.00 | OK | |||
r-release-macos-x86_64 | 0.1.0 | 208.00 | OK | |||
r-release-windows-x86_64 | 0.1.0 | 6.00 | 3.00 | 9.00 | FAIL | |
r-oldrel-macos-arm64 | 0.1.0 | 199.00 | OK | |||
r-oldrel-macos-x86_64 | 0.1.0 | 212.00 | OK | |||
r-oldrel-windows-x86_64 | 0.1.0 | 8.00 | 88.00 | 96.00 | OK |
Version: 0.1.0
Check: package dependencies
Result: FAIL
Flavor: r-release-windows-x86_64