Last updated on 2024-07-26 07:52:04 CEST.
Flavor | Version | Tinstall | Tcheck | Ttotal | Status | Flags |
---|---|---|---|---|---|---|
r-devel-linux-x86_64-debian-clang | 0.1.0 | 2.14 | 20.31 | 22.45 | OK | |
r-devel-linux-x86_64-debian-gcc | 0.1.0 | 1.25 | 16.18 | 17.43 | OK | |
r-devel-linux-x86_64-fedora-clang | 0.1.0 | 29.11 | OK | |||
r-devel-linux-x86_64-fedora-gcc | 0.1.0 | 27.44 | OK | |||
r-devel-windows-x86_64 | 0.1.0 | 3.00 | 37.00 | 40.00 | OK | |
r-patched-linux-x86_64 | 0.1.0 | NOTE | ||||
r-release-linux-x86_64 | 0.1.0 | 1.75 | 19.51 | 21.26 | NOTE | |
r-release-macos-arm64 | 0.1.0 | 22.00 | OK | |||
r-release-macos-x86_64 | 0.1.0 | 19.00 | OK | |||
r-release-windows-x86_64 | 0.1.0 | 2.00 | 37.00 | 39.00 | OK | |
r-oldrel-macos-arm64 | 0.1.0 | 28.00 | OK | |||
r-oldrel-macos-x86_64 | 0.1.0 | 37.00 | OK | |||
r-oldrel-windows-x86_64 | 0.1.0 | 3.00 | 37.00 | 40.00 | OK |
Version: 0.1.0
Check: DESCRIPTION meta-information
Result: NOTE
Dependence on R version ‘4.2.3’ not with patchlevel 0
Flavors: r-patched-linux-x86_64, r-release-linux-x86_64