Last updated on 2025-11-08 07:50:29 CET.
| Flavor | Version | Tinstall | Tcheck | Ttotal | Status | Flags |
|---|---|---|---|---|---|---|
| r-devel-linux-x86_64-debian-clang | 1.1 | 6.11 | 58.14 | 64.25 | NOTE | |
| r-devel-linux-x86_64-debian-gcc | 1.1 | 5.01 | 43.92 | 48.93 | NOTE | |
| r-devel-linux-x86_64-fedora-clang | 1.2 | 26.00 | 91.15 | 117.15 | OK | |
| r-devel-linux-x86_64-fedora-gcc | 1.1 | 15.00 | 78.12 | 93.12 | OK | |
| r-devel-windows-x86_64 | 1.1 | 7.00 | 70.00 | 77.00 | OK | |
| r-patched-linux-x86_64 | 1.1 | 7.09 | 55.45 | 62.54 | OK | |
| r-release-linux-x86_64 | 1.1 | 6.75 | 55.60 | 62.35 | OK | |
| r-release-macos-arm64 | 1.2 | 4.00 | 31.00 | 35.00 | OK | |
| r-release-macos-x86_64 | 1.2 | 19.00 | 114.00 | 133.00 | OK | |
| r-release-windows-x86_64 | 1.2 | 11.00 | 71.00 | 82.00 | OK | |
| r-oldrel-macos-arm64 | 1.2 | 5.00 | 37.00 | 42.00 | OK | |
| r-oldrel-macos-x86_64 | 1.2 | 7.00 | 63.00 | 70.00 | OK | |
| r-oldrel-windows-x86_64 | 1.2 | 15.00 | 87.00 | 102.00 | OK |
Version: 1.1
Check: CRAN incoming feasibility
Result: NOTE
Maintainer: ‘Layla Parast <parast@austin.utexas.edu>’
No Authors@R field in DESCRIPTION.
Please add one, modifying
Authors@R: person(given = "Layla",
family = "Parast",
role = c("aut", "cre"),
email = "parast@austin.utexas.edu")
as necessary.
Flavors: r-devel-linux-x86_64-debian-clang, r-devel-linux-x86_64-debian-gcc