Last updated on 2025-02-19 07:54:01 CET.
Flavor | Version | Tinstall | Tcheck | Ttotal | Status | Flags |
---|---|---|---|---|---|---|
r-devel-linux-x86_64-debian-clang | 2.0.1 | 23.22 | 225.29 | 248.51 | OK | |
r-devel-linux-x86_64-debian-gcc | 2.0.1 | 14.80 | 140.40 | 155.20 | OK | |
r-devel-linux-x86_64-fedora-clang | 2.0.1 | 460.12 | OK | |||
r-devel-linux-x86_64-fedora-gcc | 2.0.1 | 392.35 | OK | |||
r-devel-macos-arm64 | 2.0.1 | 82.00 | OK | |||
r-devel-macos-x86_64 | 2.0.1 | 203.00 | OK | |||
r-devel-windows-x86_64 | 2.0.1 | 21.00 | 172.00 | 193.00 | OK | |
r-patched-linux-x86_64 | 2.0.1 | 24.73 | 212.08 | 236.81 | OK | |
r-release-linux-x86_64 | 2.0.1 | 19.82 | 208.09 | 227.91 | OK | |
r-release-macos-arm64 | 2.0.1 | 80.00 | OK | |||
r-release-macos-x86_64 | 2.0.1 | 141.00 | OK | |||
r-release-windows-x86_64 | 2.0.1 | 23.00 | 3.00 | 26.00 | FAIL | |
r-oldrel-macos-arm64 | 2.0.1 | 77.00 | OK | |||
r-oldrel-macos-x86_64 | 2.0.1 | 220.00 | OK | |||
r-oldrel-windows-x86_64 | 2.0.1 | 30.00 | 234.00 | 264.00 | OK |
Version: 2.0.1
Check: package dependencies
Result: FAIL
Flavor: r-release-windows-x86_64