Last updated on 2025-05-09 07:51:09 CEST.
Flavor | Version | Tinstall | Tcheck | Ttotal | Status | Flags |
---|---|---|---|---|---|---|
r-devel-linux-x86_64-debian-clang | 0.1.0 | 1.89 | 17.51 | 19.40 | NOTE | |
r-devel-linux-x86_64-debian-gcc | 0.1.0 | 1.35 | 14.49 | 15.84 | NOTE | |
r-devel-linux-x86_64-fedora-clang | 0.1.0 | 29.78 | OK | |||
r-devel-linux-x86_64-fedora-gcc | 0.1.0 | 29.08 | OK | |||
r-devel-windows-x86_64 | 0.1.0 | 3.00 | 36.00 | 39.00 | OK | |
r-patched-linux-x86_64 | 0.1.0 | 1.83 | 16.90 | 18.73 | OK | |
r-release-linux-x86_64 | 0.1.0 | 1.79 | 16.87 | 18.66 | OK | |
r-release-macos-arm64 | 0.1.0 | 15.00 | OK | |||
r-release-macos-x86_64 | 0.1.0 | 23.00 | OK | |||
r-release-windows-x86_64 | 0.1.0 | 2.00 | 37.00 | 39.00 | OK | |
r-oldrel-macos-arm64 | 0.1.0 | 14.00 | OK | |||
r-oldrel-macos-x86_64 | 0.1.0 | 19.00 | OK | |||
r-oldrel-windows-x86_64 | 0.1.0 | 3.00 | 36.00 | 39.00 | OK |
Version: 0.1.0
Check: CRAN incoming feasibility
Result: NOTE
Maintainer: ‘Carlos Trucios <ctrucios@gmail.com>’
No Authors@R field in DESCRIPTION.
Please add one, modifying
Authors@R: person(given = "Carlos",
family = "Trucios",
role = c("aut", "cre"),
email = "ctrucios@gmail.com")
as necessary.
Flavors: r-devel-linux-x86_64-debian-clang, r-devel-linux-x86_64-debian-gcc