Last updated on 2024-05-11 07:51:44 CEST.
Flavor | Version | Tinstall | Tcheck | Ttotal | Status | Flags |
---|---|---|---|---|---|---|
r-devel-linux-x86_64-debian-clang | 3.1.1 | 22.63 | 28.51 | 51.14 | NOTE | |
r-devel-linux-x86_64-debian-gcc | 3.1.1 | 17.29 | 21.74 | 39.03 | NOTE | |
r-devel-linux-x86_64-fedora-clang | 3.1.1 | 70.34 | NOTE | |||
r-devel-linux-x86_64-fedora-gcc | 3.1.1 | 113.82 | NOTE | |||
r-devel-windows-x86_64 | 3.1.1 | 21.00 | 63.00 | 84.00 | NOTE | |
r-patched-linux-x86_64 | 3.1.1 | 24.02 | 27.52 | 51.54 | NOTE | |
r-release-linux-x86_64 | 3.1.1 | 22.05 | 27.38 | 49.43 | NOTE | |
r-release-macos-arm64 | 3.1.1 | 22.00 | NOTE | |||
r-release-windows-x86_64 | 3.1.1 | 20.00 | 64.00 | 84.00 | NOTE | |
r-oldrel-macos-arm64 | 3.1.1 | 24.00 | NOTE | |||
r-oldrel-macos-x86_64 | 3.1.1 | 36.00 | NOTE | |||
r-oldrel-windows-x86_64 | 3.1.1 | 21.00 | 68.00 | 89.00 | NOTE |
Version: 3.1.1
Check: C++ specification
Result: NOTE
Specified C++11: please drop specification unless essential
Flavors: r-devel-linux-x86_64-debian-clang, r-devel-linux-x86_64-debian-gcc, r-devel-linux-x86_64-fedora-clang, r-devel-linux-x86_64-fedora-gcc, r-devel-windows-x86_64, r-patched-linux-x86_64, r-release-linux-x86_64, r-release-macos-arm64, r-release-windows-x86_64, r-oldrel-macos-arm64, r-oldrel-macos-x86_64, r-oldrel-windows-x86_64
Version: 3.1.1
Check: for GNU extensions in Makefiles
Result: NOTE
GNU make is a SystemRequirements.
Flavors: r-devel-linux-x86_64-debian-clang, r-devel-linux-x86_64-debian-gcc, r-devel-linux-x86_64-fedora-clang, r-devel-linux-x86_64-fedora-gcc, r-devel-windows-x86_64, r-patched-linux-x86_64, r-release-linux-x86_64, r-release-macos-arm64, r-release-windows-x86_64, r-oldrel-macos-arm64, r-oldrel-macos-x86_64, r-oldrel-windows-x86_64