Last updated on 2025-02-17 07:50:48 CET.
Flavor | Version | Tinstall | Tcheck | Ttotal | Status | Flags |
---|---|---|---|---|---|---|
r-devel-linux-x86_64-debian-clang | 3.1.1 | 11.34 | 21.84 | 33.18 | NOTE | |
r-devel-linux-x86_64-debian-gcc | 3.1.1 | 8.16 | 17.45 | 25.61 | NOTE | |
r-devel-linux-x86_64-fedora-clang | 3.1.1 | 63.18 | NOTE | |||
r-devel-linux-x86_64-fedora-gcc | 3.1.1 | 57.36 | NOTE | |||
r-devel-macos-arm64 | 3.1.1 | 25.00 | NOTE | |||
r-devel-macos-x86_64 | 3.1.1 | 33.00 | NOTE | |||
r-devel-windows-x86_64 | 3.1.1 | 15.00 | 64.00 | 79.00 | NOTE | |
r-patched-linux-x86_64 | 3.1.1 | 11.01 | 20.58 | 31.59 | NOTE | |
r-release-linux-x86_64 | 3.1.1 | 10.44 | 21.09 | 31.53 | NOTE | |
r-release-macos-arm64 | 3.1.1 | 19.00 | NOTE | |||
r-release-macos-x86_64 | 3.1.1 | 27.00 | NOTE | |||
r-release-windows-x86_64 | 3.1.1 | 15.00 | 67.00 | 82.00 | NOTE | |
r-oldrel-macos-arm64 | 3.1.1 | 24.00 | NOTE | |||
r-oldrel-macos-x86_64 | 3.1.1 | 36.00 | NOTE | |||
r-oldrel-windows-x86_64 | 3.1.1 | 17.00 | 69.00 | 86.00 | NOTE |
Version: 3.1.1
Check: C++ specification
Result: NOTE
Specified C++11: please drop specification unless essential
Flavors: r-devel-linux-x86_64-debian-clang, r-devel-linux-x86_64-debian-gcc, r-devel-linux-x86_64-fedora-clang, r-devel-linux-x86_64-fedora-gcc, r-devel-macos-arm64, r-devel-macos-x86_64, r-devel-windows-x86_64, r-patched-linux-x86_64, r-release-linux-x86_64, r-release-macos-arm64, r-release-macos-x86_64, r-release-windows-x86_64, r-oldrel-macos-arm64, r-oldrel-macos-x86_64, r-oldrel-windows-x86_64
Version: 3.1.1
Check: for GNU extensions in Makefiles
Result: NOTE
GNU make is a SystemRequirements.
Flavors: r-patched-linux-x86_64, r-release-linux-x86_64, r-release-macos-arm64, r-release-macos-x86_64, r-release-windows-x86_64, r-oldrel-macos-arm64, r-oldrel-macos-x86_64, r-oldrel-windows-x86_64