Last updated on 2025-02-19 07:54:00 CET.
Flavor | Version | Tinstall | Tcheck | Ttotal | Status | Flags |
---|---|---|---|---|---|---|
r-devel-linux-x86_64-debian-clang | 0.1.0 | 4.78 | 43.90 | 48.68 | OK | |
r-devel-linux-x86_64-debian-gcc | 0.1.0 | 3.12 | 34.57 | 37.69 | OK | |
r-devel-linux-x86_64-fedora-clang | 0.1.0 | 80.39 | OK | |||
r-devel-linux-x86_64-fedora-gcc | 0.1.0 | 80.88 | OK | |||
r-devel-macos-arm64 | 0.1.0 | 26.00 | OK | |||
r-devel-macos-x86_64 | 0.1.0 | 47.00 | OK | |||
r-devel-windows-x86_64 | 0.1.0 | 6.00 | 62.00 | 68.00 | OK | |
r-patched-linux-x86_64 | 0.1.0 | 4.79 | 41.84 | 46.63 | NOTE | |
r-release-linux-x86_64 | 0.1.0 | 4.50 | 40.89 | 45.39 | NOTE | |
r-release-macos-arm64 | 0.1.0 | 26.00 | NOTE | |||
r-release-macos-x86_64 | 0.1.0 | 39.00 | NOTE | |||
r-release-windows-x86_64 | 0.1.0 | 6.00 | 4.00 | 10.00 | FAIL | |
r-oldrel-macos-arm64 | 0.1.0 | 33.00 | NOTE | |||
r-oldrel-macos-x86_64 | 0.1.0 | 45.00 | NOTE | |||
r-oldrel-windows-x86_64 | 0.1.0 | 7.00 | 93.00 | 100.00 | NOTE |
Version: 0.1.0
Check: package dependencies
Result: NOTE
Package suggested but not available for checking: ‘INLA’
Flavors: r-patched-linux-x86_64, r-release-linux-x86_64, r-release-macos-arm64, r-release-macos-x86_64, r-oldrel-macos-arm64, r-oldrel-macos-x86_64, r-oldrel-windows-x86_64
Version: 0.1.0
Check: package dependencies
Result: FAIL
Flavor: r-release-windows-x86_64