Last updated on 2024-07-26 07:52:03 CEST.
Flavor | Version | Tinstall | Tcheck | Ttotal | Status | Flags |
---|---|---|---|---|---|---|
r-devel-linux-x86_64-debian-clang | 1.2 | 49.49 | 83.91 | 133.40 | OK | |
r-devel-linux-x86_64-debian-gcc | 1.2 | 38.22 | 63.22 | 101.44 | OK | |
r-devel-linux-x86_64-fedora-clang | 1.2 | 190.09 | OK | |||
r-devel-linux-x86_64-fedora-gcc | 1.2 | 203.08 | OK | |||
r-devel-windows-x86_64 | 1.2 | 44.00 | 100.00 | 144.00 | OK | |
r-patched-linux-x86_64 | 1.2 | OK | ||||
r-release-linux-x86_64 | 1.2 | 42.84 | 77.92 | 120.76 | OK | |
r-release-macos-arm64 | 1.2 | 67.00 | NOTE | |||
r-release-macos-x86_64 | 1.2 | 87.00 | NOTE | |||
r-release-windows-x86_64 | 1.2 | 47.00 | 97.00 | 144.00 | OK | |
r-oldrel-macos-arm64 | 1.2 | 103.00 | NOTE | |||
r-oldrel-macos-x86_64 | 1.2 | 156.00 | NOTE | |||
r-oldrel-windows-x86_64 | 1.2 | 52.00 | 121.00 | 173.00 | OK |
Version: 1.2
Check: installed package size
Result: NOTE
installed size is 5.6Mb
sub-directories of 1Mb or more:
libs 5.3Mb
Flavors: r-release-macos-arm64, r-release-macos-x86_64, r-oldrel-macos-arm64, r-oldrel-macos-x86_64