Last updated on 2025-02-17 07:50:47 CET.
Flavor | Version | Tinstall | Tcheck | Ttotal | Status | Flags |
---|---|---|---|---|---|---|
r-devel-linux-x86_64-debian-clang | 1.0.0 | 24.73 | 67.50 | 92.23 | NOTE | |
r-devel-linux-x86_64-debian-gcc | 1.0.0 | 19.87 | 47.48 | 67.35 | NOTE | |
r-devel-linux-x86_64-fedora-clang | 1.0.0 | 152.94 | NOTE | |||
r-devel-linux-x86_64-fedora-gcc | 1.0.0 | 145.05 | NOTE | |||
r-devel-macos-arm64 | 1.0.0 | 56.00 | OK | |||
r-devel-macos-x86_64 | 1.0.0 | 96.00 | NOTE | |||
r-devel-windows-x86_64 | 1.0.0 | 35.00 | 85.00 | 120.00 | NOTE | |
r-patched-linux-x86_64 | 1.0.0 | 24.55 | 60.51 | 85.06 | NOTE | |
r-release-linux-x86_64 | 1.0.0 | 24.44 | 60.26 | 84.70 | NOTE | |
r-release-macos-arm64 | 1.0.0 | 57.00 | NOTE | |||
r-release-macos-x86_64 | 1.0.0 | 75.00 | NOTE | |||
r-release-windows-x86_64 | 1.0.0 | 36.00 | 94.00 | 130.00 | NOTE | |
r-oldrel-macos-arm64 | 1.0.0 | 58.00 | NOTE | |||
r-oldrel-macos-x86_64 | 1.0.0 | 73.00 | NOTE | |||
r-oldrel-windows-x86_64 | 1.0.0 | 37.00 | 96.00 | 133.00 | NOTE |
Version: 1.0.0
Check: DESCRIPTION meta-information
Result: NOTE
Missing dependency on R >= 4.1.0 because package code uses the pipe
|> or function shorthand \(...) syntax added in R 4.1.0.
File(s) using such syntax:
‘app_server.R’
Flavors: r-devel-linux-x86_64-debian-clang, r-devel-linux-x86_64-debian-gcc, r-devel-linux-x86_64-fedora-clang, r-devel-linux-x86_64-fedora-gcc, r-devel-macos-x86_64, r-devel-windows-x86_64
Version: 1.0.0
Check: package dependencies
Result: NOTE
Package suggested but not available for checking: ‘gridlayout’
Flavors: r-patched-linux-x86_64, r-release-linux-x86_64, r-release-macos-arm64, r-release-macos-x86_64, r-release-windows-x86_64, r-oldrel-macos-arm64, r-oldrel-macos-x86_64, r-oldrel-windows-x86_64
Version: 1.0.0
Check: installed package size
Result: NOTE
installed size is 5.4Mb
sub-directories of 1Mb or more:
data 4.8Mb
Flavors: r-release-macos-arm64, r-release-macos-x86_64, r-oldrel-macos-arm64, r-oldrel-macos-x86_64