Last updated on 2024-07-26 07:52:03 CEST.
Flavor | Version | Tinstall | Tcheck | Ttotal | Status | Flags |
---|---|---|---|---|---|---|
r-devel-linux-x86_64-debian-clang | 1.7.0 | 13.04 | 158.34 | 171.38 | NOTE | |
r-devel-linux-x86_64-debian-gcc | 1.7.0 | 11.34 | 120.20 | 131.54 | NOTE | |
r-devel-linux-x86_64-fedora-clang | 1.7.0 | 234.09 | NOTE | |||
r-devel-linux-x86_64-fedora-gcc | 1.7.0 | 221.12 | NOTE | |||
r-devel-windows-x86_64 | 1.7.0 | 15.00 | 138.00 | 153.00 | NOTE | |
r-patched-linux-x86_64 | 1.7.0 | NOTE | ||||
r-release-linux-x86_64 | 1.7.0 | 9.38 | 149.50 | 158.88 | NOTE | |
r-release-macos-arm64 | 1.7.0 | 67.00 | NOTE | |||
r-release-macos-x86_64 | 1.7.0 | 101.00 | NOTE | |||
r-release-windows-x86_64 | 1.7.0 | 13.00 | 137.00 | 150.00 | NOTE | |
r-oldrel-macos-arm64 | 1.7.0 | 78.00 | OK | |||
r-oldrel-macos-x86_64 | 1.7.0 | 113.00 | OK | |||
r-oldrel-windows-x86_64 | 1.7.0 | 18.00 | 165.00 | 183.00 | OK |
Version: 1.7.0
Check: Rd files
Result: NOTE
checkRd: (-1) spe.Rd:101: Lost braces
101 | code{spe} command; (4) \code{alpha} stores significance level as in
| ^
Flavors: r-devel-linux-x86_64-debian-clang, r-devel-linux-x86_64-debian-gcc, r-devel-linux-x86_64-fedora-clang, r-devel-linux-x86_64-fedora-gcc, r-devel-windows-x86_64, r-patched-linux-x86_64, r-release-linux-x86_64, r-release-macos-arm64, r-release-macos-x86_64, r-release-windows-x86_64