Last updated on 2025-05-09 07:51:09 CEST.
Flavor | Version | Tinstall | Tcheck | Ttotal | Status | Flags |
---|---|---|---|---|---|---|
r-devel-linux-x86_64-debian-clang | 2.1.0 | 1.76 | 18.71 | 20.47 | NOTE | |
r-devel-linux-x86_64-debian-gcc | 2.1.0 | 1.44 | 14.83 | 16.27 | NOTE | |
r-devel-linux-x86_64-fedora-clang | 2.1.0 | 32.19 | NOTE | |||
r-devel-linux-x86_64-fedora-gcc | 2.1.0 | 31.06 | NOTE | |||
r-devel-windows-x86_64 | 2.1.0 | 3.00 | 38.00 | 41.00 | NOTE | |
r-patched-linux-x86_64 | 2.1.0 | 1.87 | 17.99 | 19.86 | NOTE | |
r-release-linux-x86_64 | 2.1.0 | 1.69 | 18.03 | 19.72 | NOTE | |
r-release-macos-arm64 | 2.1.0 | 15.00 | NOTE | |||
r-release-macos-x86_64 | 2.1.0 | 23.00 | NOTE | |||
r-release-windows-x86_64 | 2.1.0 | 3.00 | 38.00 | 41.00 | NOTE | |
r-oldrel-macos-arm64 | 2.1.0 | 12.00 | NOTE | |||
r-oldrel-macos-x86_64 | 2.1.0 | 21.00 | NOTE | |||
r-oldrel-windows-x86_64 | 2.1.0 | 3.00 | 37.00 | 40.00 | NOTE |
Version: 2.1.0
Check: CRAN incoming feasibility
Result: NOTE
Maintainer: ‘Hector Haffenden <haffendenh@cardiff.ac.uk>’
No Authors@R field in DESCRIPTION.
Please add one, modifying
Authors@R: person(given = "Hector",
family = "haffenden",
role = c("aut", "cre"),
email = "haffendenh@cardiff.ac.uk")
as necessary.
Flavors: r-devel-linux-x86_64-debian-clang, r-devel-linux-x86_64-debian-gcc
Version: 2.1.0
Check: Rd files
Result: NOTE
checkRd: (-1) SnakesAndLaddersGame.Rd:25: Lost braces; missing escapes or markup?
25 | {Hector Haffenden} {haffendenh@cardiff.ac.uk}
| ^
Flavors: r-devel-linux-x86_64-debian-clang, r-devel-linux-x86_64-debian-gcc, r-devel-linux-x86_64-fedora-clang, r-devel-linux-x86_64-fedora-gcc, r-devel-windows-x86_64, r-patched-linux-x86_64, r-release-linux-x86_64, r-release-macos-arm64, r-release-macos-x86_64, r-release-windows-x86_64, r-oldrel-macos-arm64, r-oldrel-macos-x86_64, r-oldrel-windows-x86_64
Version: 2.1.0
Check: LazyData
Result: NOTE
'LazyData' is specified without a 'data' directory
Flavors: r-oldrel-macos-arm64, r-oldrel-macos-x86_64, r-oldrel-windows-x86_64