Last updated on 2025-06-30 07:49:32 CEST.
Flavor | Version | Tinstall | Tcheck | Ttotal | Status | Flags |
---|---|---|---|---|---|---|
r-devel-linux-x86_64-debian-clang | 0.3.10 | 7.74 | 162.98 | 170.72 | OK | |
r-devel-linux-x86_64-debian-gcc | 0.3.10 | 6.04 | 112.83 | 118.87 | OK | |
r-devel-linux-x86_64-fedora-clang | 0.3.10 | 266.69 | NOTE | |||
r-devel-linux-x86_64-fedora-gcc | 0.3.10 | 250.46 | NOTE | |||
r-devel-windows-x86_64 | 0.3.10 | 10.00 | 144.00 | 154.00 | OK | |
r-patched-linux-x86_64 | OK | |||||
r-release-linux-x86_64 | 0.3.10 | 8.42 | 148.37 | 156.79 | OK | |
r-release-macos-arm64 | 0.3.10 | 71.00 | OK | |||
r-release-macos-x86_64 | 0.3.10 | 125.00 | OK | |||
r-release-windows-x86_64 | 0.3.10 | 13.00 | 144.00 | 157.00 | OK | |
r-oldrel-macos-arm64 | 0.3.10 | 61.00 | OK | |||
r-oldrel-macos-x86_64 | 0.3.10 | 113.00 | OK | |||
r-oldrel-windows-x86_64 | 0.3.10 | 14.00 | 190.00 | 204.00 | OK |
Version: 0.3.10
Check: dependencies in R code
Result: NOTE
Namespace in Imports field not imported from: ‘qpdf’
All declared Imports should be used.
Flavors: r-devel-linux-x86_64-fedora-clang, r-devel-linux-x86_64-fedora-gcc