Last updated on 2025-01-25 07:50:43 CET.
Flavor | Version | Tinstall | Tcheck | Ttotal | Status | Flags |
---|---|---|---|---|---|---|
r-devel-linux-x86_64-debian-clang | 2.0.0 | 13.46 | 72.82 | 86.28 | OK | |
r-devel-linux-x86_64-debian-gcc | 2.0.0 | 10.28 | 51.76 | 62.04 | OK | |
r-devel-linux-x86_64-fedora-clang | 2.0.0 | 142.17 | OK | |||
r-devel-linux-x86_64-fedora-gcc | 2.0.0 | 145.46 | OK | |||
r-devel-windows-x86_64 | 2.0.0 | 16.00 | 83.00 | 99.00 | OK | |
r-patched-linux-x86_64 | 2.0.0 | 12.40 | 65.38 | 77.78 | OK | |
r-release-linux-x86_64 | 2.0.0 | 12.51 | 66.58 | 79.09 | OK | |
r-release-macos-arm64 | 2.0.0 | 66.00 | NOTE | |||
r-release-macos-x86_64 | 2.0.0 | 92.00 | NOTE | |||
r-release-windows-x86_64 | 2.0.0 | 16.00 | 84.00 | 100.00 | OK | |
r-oldrel-macos-arm64 | 2.0.0 | 95.00 | NOTE | |||
r-oldrel-macos-x86_64 | 2.0.0 | 99.00 | NOTE | |||
r-oldrel-windows-x86_64 | 2.0.0 | 21.00 | 99.00 | 120.00 | OK |
Version: 2.0.0
Check: installed package size
Result: NOTE
installed size is 5.7Mb
sub-directories of 1Mb or more:
data 5.5Mb
Flavors: r-release-macos-arm64, r-release-macos-x86_64, r-oldrel-macos-arm64, r-oldrel-macos-x86_64