CRAN Package Check Results for Package SimCop

Last updated on 2025-02-17 07:50:47 CET.

Flavor Version Tinstall Tcheck Ttotal Status Flags
r-devel-linux-x86_64-debian-clang 0.7.0 3.50 31.32 34.82 NOTE
r-devel-linux-x86_64-debian-gcc 0.7.0 2.32 22.88 25.20 NOTE
r-devel-linux-x86_64-fedora-clang 0.7.0 57.70 OK
r-devel-linux-x86_64-fedora-gcc 0.7.0 52.85 OK
r-devel-macos-arm64 0.7.0 23.00 OK
r-devel-macos-x86_64 0.7.0 35.00 OK
r-devel-windows-x86_64 0.7.0 5.00 58.00 63.00 NOTE
r-patched-linux-x86_64 0.7.0 5.08 29.12 34.20 OK
r-release-linux-x86_64 0.7.0 3.41 29.37 32.78 OK
r-release-macos-arm64 0.7.0 19.00 OK
r-release-macos-x86_64 0.7.0 36.00 OK
r-release-windows-x86_64 0.7.0 5.00 49.00 54.00 OK
r-oldrel-macos-arm64 0.7.0 19.00 OK
r-oldrel-macos-x86_64 0.7.0 29.00 OK
r-oldrel-windows-x86_64 0.7.0 5.00 54.00 59.00 OK

Check Details

Version: 0.7.0
Check: Rd cross-references
Result: NOTE Found the following Rd file(s) with Rd \link{} targets missing package anchors: SplineFitDepFct.Rd: solve.QP Please provide package anchors for all Rd \link{} targets not in the package itself and the base packages. Flavors: r-devel-linux-x86_64-debian-clang, r-devel-linux-x86_64-debian-gcc, r-devel-windows-x86_64