Last updated on 2024-07-26 07:52:02 CEST.
Flavor | Version | Tinstall | Tcheck | Ttotal | Status | Flags |
---|---|---|---|---|---|---|
r-devel-linux-x86_64-debian-clang | 1.0.1 | 10.42 | 99.98 | 110.40 | OK | |
r-devel-linux-x86_64-debian-gcc | 1.0.1 | 8.29 | 72.86 | 81.15 | OK | |
r-devel-linux-x86_64-fedora-clang | 1.0.1 | 134.91 | NOTE | |||
r-devel-linux-x86_64-fedora-gcc | 1.0.1 | 138.91 | NOTE | |||
r-devel-windows-x86_64 | 1.0.1 | 12.00 | 95.00 | 107.00 | NOTE | |
r-patched-linux-x86_64 | 1.0.1 | OK | ||||
r-release-linux-x86_64 | 1.0.1 | 6.26 | 92.91 | 99.17 | OK | |
r-release-macos-arm64 | 1.0.1 | 47.00 | NOTE | |||
r-release-macos-x86_64 | 1.0.1 | 71.00 | NOTE | |||
r-release-windows-x86_64 | 1.0.1 | 10.00 | 94.00 | 104.00 | NOTE | |
r-oldrel-macos-arm64 | 1.0.1 | 46.00 | NOTE | |||
r-oldrel-macos-x86_64 | 1.0.1 | 84.00 | NOTE | |||
r-oldrel-windows-x86_64 | 1.0.1 | 14.00 | 110.00 | 124.00 | NOTE |
Version: 1.0.1
Check: installed package size
Result: NOTE
installed size is 6.4Mb
sub-directories of 1Mb or more:
doc 1.7Mb
extdata 4.2Mb
Flavors: r-devel-linux-x86_64-fedora-clang, r-devel-windows-x86_64, r-release-macos-arm64, r-release-macos-x86_64, r-release-windows-x86_64, r-oldrel-macos-arm64, r-oldrel-macos-x86_64, r-oldrel-windows-x86_64
Version: 1.0.1
Check: data for non-ASCII characters
Result: NOTE
Note: found 14 marked UTF-8 strings
Flavors: r-devel-linux-x86_64-fedora-clang, r-devel-linux-x86_64-fedora-gcc