Last updated on 2024-05-13 07:50:16 CEST.
Flavor | Version | Tinstall | Tcheck | Ttotal | Status | Flags |
---|---|---|---|---|---|---|
r-devel-linux-x86_64-debian-clang | 1.0.1 | 12.41 | 97.22 | 109.63 | OK | |
r-devel-linux-x86_64-debian-gcc | 1.0.1 | 7.45 | 72.70 | 80.15 | OK | |
r-devel-linux-x86_64-fedora-clang | 1.0.1 | 134.79 | NOTE | |||
r-devel-linux-x86_64-fedora-gcc | 1.0.1 | 186.32 | NOTE | |||
r-devel-windows-x86_64 | 1.0.1 | 11.00 | 95.00 | 106.00 | NOTE | |
r-patched-linux-x86_64 | 1.0.1 | 7.28 | 92.36 | 99.64 | OK | |
r-release-linux-x86_64 | 1.0.1 | 8.18 | 93.19 | 101.37 | OK | |
r-release-macos-arm64 | 1.0.1 | 47.00 | NOTE | |||
r-release-windows-x86_64 | 1.0.1 | 11.00 | 93.00 | 104.00 | NOTE | |
r-oldrel-macos-arm64 | 1.0.1 | 46.00 | NOTE | |||
r-oldrel-macos-x86_64 | 1.0.1 | 84.00 | NOTE | |||
r-oldrel-windows-x86_64 | 1.0.1 | 14.00 | 110.00 | 124.00 | NOTE |
Version: 1.0.1
Check: installed package size
Result: NOTE
installed size is 6.4Mb
sub-directories of 1Mb or more:
doc 1.7Mb
extdata 4.2Mb
Flavors: r-devel-linux-x86_64-fedora-clang, r-devel-windows-x86_64, r-release-macos-arm64, r-release-windows-x86_64, r-oldrel-macos-arm64, r-oldrel-macos-x86_64, r-oldrel-windows-x86_64
Version: 1.0.1
Check: data for non-ASCII characters
Result: NOTE
Note: found 14 marked UTF-8 strings
Flavors: r-devel-linux-x86_64-fedora-clang, r-devel-linux-x86_64-fedora-gcc