Last updated on 2025-02-11 07:48:36 CET.
Flavor | Version | Tinstall | Tcheck | Ttotal | Status | Flags |
---|---|---|---|---|---|---|
r-devel-linux-x86_64-debian-clang | 1.3.4 | 9.74 | 74.29 | 84.03 | NOTE | |
r-devel-linux-x86_64-debian-gcc | 1.3.4 | 6.69 | 52.75 | 59.44 | NOTE | |
r-devel-linux-x86_64-fedora-clang | 1.3.4 | 141.08 | OK | |||
r-devel-linux-x86_64-fedora-gcc | 1.3.4 | 124.31 | OK | |||
r-devel-windows-x86_64 | 1.3.4 | 10.00 | 85.00 | 95.00 | NOTE | |
r-patched-linux-x86_64 | 1.3.4 | 12.41 | 68.94 | 81.35 | OK | |
r-release-linux-x86_64 | 1.3.4 | 8.12 | 69.03 | 77.15 | OK | |
r-release-macos-arm64 | 1.3.4 | 40.00 | OK | |||
r-release-macos-x86_64 | 1.3.4 | 58.00 | OK | |||
r-release-windows-x86_64 | 1.3.4 | 11.00 | 81.00 | 92.00 | OK | |
r-oldrel-macos-arm64 | 1.3.4 | 40.00 | OK | |||
r-oldrel-macos-x86_64 | 1.3.4 | 65.00 | OK | |||
r-oldrel-windows-x86_64 | 1.3.4 | 12.00 | 106.00 | 118.00 | OK |
Version: 1.3.4
Check: Rd cross-references
Result: NOTE
Found the following Rd file(s) with Rd \link{} targets missing package
anchors:
cor.matrix.Rd: mantel, mantel.partial, procrustes
matrix.x.Rd: gowdis
optimal.Rd: gowdis
permut.vector.Rd: shuffleSet
procrustes.syncsa.Rd: procrustes
rao.diversity.Rd: gowdis
syncsa.Rd: gowdis, mantel, procrustes, vegdist
var.type.Rd: gowdis
Please provide package anchors for all Rd \link{} targets not in the
package itself and the base packages.
Flavors: r-devel-linux-x86_64-debian-clang, r-devel-linux-x86_64-debian-gcc, r-devel-windows-x86_64