Last updated on 2025-05-09 07:51:09 CEST.
Flavor | Version | Tinstall | Tcheck | Ttotal | Status | Flags |
---|---|---|---|---|---|---|
r-devel-linux-x86_64-debian-clang | 0.99-11 | 2.25 | 25.72 | 27.97 | NOTE | |
r-devel-linux-x86_64-debian-gcc | 0.99-11 | 1.63 | 20.41 | 22.04 | NOTE | |
r-devel-linux-x86_64-fedora-clang | 0.99-11 | 42.86 | NOTE | |||
r-devel-linux-x86_64-fedora-gcc | 0.99-11 | 54.15 | NOTE | |||
r-devel-windows-x86_64 | 0.99-11 | 4.00 | 53.00 | 57.00 | OK | |
r-patched-linux-x86_64 | 0.99-11 | 2.34 | 24.84 | 27.18 | NOTE | |
r-release-linux-x86_64 | 0.99-11 | 2.12 | 24.81 | 26.93 | NOTE | |
r-release-macos-arm64 | 0.99-11 | 25.00 | OK | |||
r-release-macos-x86_64 | 0.99-11 | 45.00 | OK | |||
r-release-windows-x86_64 | 0.99-11 | 3.00 | 55.00 | 58.00 | OK | |
r-oldrel-macos-arm64 | 0.99-11 | 24.00 | OK | |||
r-oldrel-macos-x86_64 | 0.99-11 | 38.00 | OK | |||
r-oldrel-windows-x86_64 | 0.99-11 | 4.00 | 51.00 | 55.00 | OK |
Version: 0.99-11
Check: CRAN incoming feasibility
Result: NOTE
Maintainer: ‘Bill Venables <Bill.Venables@gmail.com>’
No Authors@R field in DESCRIPTION.
Please add one, modifying
Authors@R: c(person(given = "Bill",
family = "Venables",
role = c("aut", "cre"),
email = "bill.venables@gmail.com"),
person(given = c("based", "on", "original", "code", "by", "David"),
family = "Brahm",
role = "aut"))
as necessary.
Flavors: r-devel-linux-x86_64-debian-clang, r-devel-linux-x86_64-debian-gcc
Version: 0.99-11
Check: R code for possible problems
Result: NOTE
Found the following calls to attach():
File ‘SOAR/R/SOAR.R’:
attach(NULL, pos, basename(directory))
See section ‘Good practice’ in ‘?attach’.
Flavors: r-devel-linux-x86_64-debian-clang, r-devel-linux-x86_64-debian-gcc, r-patched-linux-x86_64, r-release-linux-x86_64
Version: 0.99-11
Check: for non-standard things in the check directory
Result: NOTE
Found the following files/directories:
‘.R_Test’
Flavors: r-devel-linux-x86_64-debian-clang, r-devel-linux-x86_64-debian-gcc, r-devel-linux-x86_64-fedora-clang, r-devel-linux-x86_64-fedora-gcc, r-patched-linux-x86_64, r-release-linux-x86_64