Last updated on 2025-02-17 07:50:47 CET.
Flavor | Version | Tinstall | Tcheck | Ttotal | Status | Flags |
---|---|---|---|---|---|---|
r-devel-linux-x86_64-debian-clang | 2.1-2 | 18.80 | 231.77 | 250.57 | OK | |
r-devel-linux-x86_64-debian-gcc | 2.1-2 | 13.28 | 166.33 | 179.61 | OK | |
r-devel-linux-x86_64-fedora-clang | 2.1-2 | 426.93 | OK | |||
r-devel-linux-x86_64-fedora-gcc | 2.1-2 | 411.56 | OK | |||
r-devel-macos-arm64 | 2.1-2 | 105.00 | OK | |||
r-devel-macos-x86_64 | 2.1-2 | 212.00 | OK | |||
r-devel-windows-x86_64 | 2.1-2 | 19.00 | 219.00 | 238.00 | OK | |
r-patched-linux-x86_64 | 2.1-2 | 19.66 | 218.09 | 237.75 | OK | |
r-release-linux-x86_64 | 2.1-2 | 18.08 | 218.58 | 236.66 | OK | |
r-release-macos-arm64 | 2.1-2 | 113.00 | NOTE | |||
r-release-macos-x86_64 | 2.1-2 | 166.00 | NOTE | |||
r-release-windows-x86_64 | 2.1-2 | 18.00 | 228.00 | 246.00 | OK | |
r-oldrel-macos-arm64 | 2.1-2 | 113.00 | OK | |||
r-oldrel-macos-x86_64 | 2.1-2 | 192.00 | OK | |||
r-oldrel-windows-x86_64 | 2.1-2 | 26.00 | 282.00 | 308.00 | OK |
Version: 2.1-2
Check: package dependencies
Result: NOTE
Package suggested but not available for checking: ‘TxDb.Hsapiens.UCSC.hg19.knownGene’
Flavors: r-release-macos-arm64, r-release-macos-x86_64