CRAN Package Check Results for Package SLOPE

Last updated on 2025-06-30 07:49:32 CEST.

Flavor Version Tinstall Tcheck Ttotal Status Flags
r-devel-linux-x86_64-debian-clang 0.5.2 122.93 130.43 253.36 OK
r-devel-linux-x86_64-debian-gcc 0.5.2 84.07 95.36 179.43 OK
r-devel-linux-x86_64-fedora-clang 0.5.2 457.18 OK
r-devel-linux-x86_64-fedora-gcc 0.5.2 439.53 OK
r-devel-windows-x86_64 0.5.2 135.00 197.00 332.00 OK
r-patched-linux-x86_64 OK
r-release-linux-x86_64 0.5.2 117.57 125.66 243.23 OK
r-release-macos-arm64 0.5.2 122.00 OK
r-release-macos-x86_64 0.5.2 181.00 OK
r-release-windows-x86_64 0.5.2 138.00 189.00 327.00 OK
r-oldrel-macos-arm64 0.5.2 123.00 NOTE
r-oldrel-macos-x86_64 0.5.2 203.00 NOTE
r-oldrel-windows-x86_64 0.5.2 162.00 238.00 400.00 OK

Check Details

Version: 0.5.2
Check: installed package size
Result: NOTE installed size is 9.1Mb sub-directories of 1Mb or more: libs 8.6Mb Flavors: r-oldrel-macos-arm64, r-oldrel-macos-x86_64