Last updated on 2024-07-26 07:52:02 CEST.
Flavor | Version | Tinstall | Tcheck | Ttotal | Status | Flags |
---|---|---|---|---|---|---|
r-devel-linux-x86_64-debian-clang | 0.1.1 | 3.50 | 73.45 | 76.95 | OK | |
r-devel-linux-x86_64-debian-gcc | 0.1.1 | 2.54 | 54.85 | 57.39 | OK | |
r-devel-linux-x86_64-fedora-clang | 0.1.1 | 96.71 | OK | |||
r-devel-linux-x86_64-fedora-gcc | 0.1.1 | 105.01 | OK | |||
r-devel-windows-x86_64 | 0.1.1 | 6.00 | 95.00 | 101.00 | OK | |
r-patched-linux-x86_64 | 0.1.1 | OK | ||||
r-release-linux-x86_64 | 0.1.1 | 3.76 | 70.09 | 73.85 | OK | |
r-release-macos-arm64 | 0.1.1 | 45.00 | WARN | |||
r-release-macos-x86_64 | 0.1.1 | 54.00 | WARN | |||
r-release-windows-x86_64 | 0.1.1 | 5.00 | 92.00 | 97.00 | OK | |
r-oldrel-macos-arm64 | 0.1.1 | 53.00 | WARN | |||
r-oldrel-macos-x86_64 | 0.1.1 | 78.00 | OK | |||
r-oldrel-windows-x86_64 | 0.1.1 | 6.00 | 100.00 | 106.00 | OK |
Version: 0.1.1
Check: re-building of vignette outputs
Result: WARN
Error(s) in re-building vignettes:
...
--- re-building ‘SEI_vignette.Rnw’ using knitr
Error: processing vignette 'SEI_vignette.Rnw' failed with diagnostics:
Running 'texi2dvi' on 'SEI_vignette.tex' failed.
LaTeX errors:
!pdfTeX error: pdflatex (file bbm8): Font bbm8 at 600 not found
==> Fatal error occurred, no output PDF file produced!
--- failed re-building ‘SEI_vignette.Rnw’
SUMMARY: processing the following file failed:
‘SEI_vignette.Rnw’
Error: Vignette re-building failed.
Execution halted
Flavors: r-release-macos-arm64, r-oldrel-macos-arm64
Version: 0.1.1
Check: re-building of vignette outputs
Result: WARN
Error(s) in re-building vignettes:
...
--- re-building ‘SEI_vignette.Rnw’ using knitr
Error: processing vignette 'SEI_vignette.Rnw' failed with diagnostics:
Running 'texi2dvi' on 'SEI_vignette.tex' failed.
LaTeX errors:
! Undefined control sequence.
l.269 \hldef
{x} \hlkwb{<-} \hlkwd{rgamma}\hldef{(}\hlnum{1000}\hldef{,} \hlk...
?
! Emergency stop.
l.269
End of file on the terminal!
! ==> Fatal error occurred, no output PDF file produced!
--- failed re-building ‘SEI_vignette.Rnw’
SUMMARY: processing the following file failed:
‘SEI_vignette.Rnw’
Error: Vignette re-building failed.
Execution halted
Flavor: r-release-macos-x86_64