Last updated on 2025-02-19 07:53:58 CET.
Flavor | Version | Tinstall | Tcheck | Ttotal | Status | Flags |
---|---|---|---|---|---|---|
r-devel-linux-x86_64-debian-clang | 0.1-1 | 2.55 | 22.26 | 24.81 | OK | |
r-devel-linux-x86_64-debian-gcc | 0.1-1 | 2.19 | 18.00 | 20.19 | OK | |
r-devel-linux-x86_64-fedora-clang | 0.1-1 | 40.55 | NOTE | |||
r-devel-linux-x86_64-fedora-gcc | 0.1-1 | 39.20 | NOTE | |||
r-devel-macos-arm64 | 0.1-1 | 20.00 | OK | |||
r-devel-macos-x86_64 | 0.1-1 | 34.00 | OK | |||
r-devel-windows-x86_64 | 0.1-1 | 5.00 | 51.00 | 56.00 | OK | |
r-patched-linux-x86_64 | 0.1-1 | 2.87 | 21.50 | 24.37 | OK | |
r-release-linux-x86_64 | 0.1-1 | 2.78 | 21.47 | 24.25 | OK | |
r-release-macos-arm64 | 0.1-1 | 19.00 | OK | |||
r-release-macos-x86_64 | 0.1-1 | 28.00 | OK | |||
r-release-windows-x86_64 | 0.1-1 | 5.00 | 52.00 | 57.00 | OK | |
r-oldrel-macos-arm64 | 0.1-1 | 19.00 | OK | |||
r-oldrel-macos-x86_64 | 0.1-1 | 24.00 | OK | |||
r-oldrel-windows-x86_64 | 0.1-1 | 6.00 | 56.00 | 62.00 | OK |
Version: 0.1-1
Check: compiled code
Result: NOTE
File ‘SCEPtERbinary/libs/SCEPtERbinary.so’:
Found no calls to: ‘R_registerRoutines’, ‘R_useDynamicSymbols’
It is good practice to register native routines and to disable symbol
search.
See ‘Writing portable packages’ in the ‘Writing R Extensions’ manual.
Flavors: r-devel-linux-x86_64-fedora-clang, r-devel-linux-x86_64-fedora-gcc