Last updated on 2025-11-02 07:50:20 CET.
| Flavor | Version | Tinstall | Tcheck | Ttotal | Status | Flags |
|---|---|---|---|---|---|---|
| r-devel-linux-x86_64-debian-clang | 1.0.0 | 2.62 | 43.52 | 46.14 | OK | |
| r-devel-linux-x86_64-debian-gcc | 1.0.0 | 1.96 | 33.32 | 35.28 | OK | |
| r-devel-linux-x86_64-fedora-clang | 1.0.0 | 67.55 | OK | |||
| r-devel-linux-x86_64-fedora-gcc | 1.0.0 | 81.15 | OK | |||
| r-devel-windows-x86_64 | 1.0.0 | 4.00 | 72.00 | 76.00 | OK | |
| r-patched-linux-x86_64 | 1.0.0 | 2.70 | 40.15 | 42.85 | OK | |
| r-release-linux-x86_64 | 1.0.0 | 2.55 | 39.79 | 42.34 | OK | |
| r-release-macos-arm64 | 1.0.0 | 2.00 | 36.00 | 38.00 | OK | |
| r-release-macos-x86_64 | 1.0.0 | 2.00 | 57.00 | 59.00 | OK | |
| r-release-windows-x86_64 | 1.0.0 | 4.00 | 65.00 | 69.00 | OK | |
| r-oldrel-macos-arm64 | 1.0.0 | 1.00 | 31.00 | 32.00 | NOTE | |
| r-oldrel-macos-x86_64 | 1.0.0 | 2.00 | 44.00 | 46.00 | NOTE | |
| r-oldrel-windows-x86_64 | 1.0.0 | 5.00 | 76.00 | 81.00 | NOTE |
Version: 1.0.0
Check: LazyData
Result: NOTE
'LazyData' is specified without a 'data' directory
Flavors: r-oldrel-macos-arm64, r-oldrel-macos-x86_64, r-oldrel-windows-x86_64