Last updated on 2025-02-17 07:50:46 CET.
Flavor | Version | Tinstall | Tcheck | Ttotal | Status | Flags |
---|---|---|---|---|---|---|
r-devel-linux-x86_64-debian-clang | 0.1.1 | 23.63 | 63.05 | 86.68 | NOTE | |
r-devel-linux-x86_64-debian-gcc | 0.1.1 | 17.65 | 46.19 | 63.84 | NOTE | |
r-devel-linux-x86_64-fedora-clang | 0.1.1 | 148.45 | NOTE | |||
r-devel-linux-x86_64-fedora-gcc | 0.1.1 | 143.93 | NOTE | |||
r-devel-macos-arm64 | 0.1.1 | 42.00 | NOTE | |||
r-devel-macos-x86_64 | 0.1.1 | 69.00 | NOTE | |||
r-devel-windows-x86_64 | 0.1.1 | 28.00 | 93.00 | 121.00 | NOTE | |
r-patched-linux-x86_64 | 0.1.1 | 24.14 | 59.97 | 84.11 | NOTE | |
r-release-linux-x86_64 | 0.1.1 | 22.19 | 58.56 | 80.75 | NOTE | |
r-release-macos-arm64 | 0.1.1 | 41.00 | NOTE | |||
r-release-macos-x86_64 | 0.1.1 | 69.00 | NOTE | |||
r-release-windows-x86_64 | 0.1.1 | 28.00 | 92.00 | 120.00 | NOTE | |
r-oldrel-macos-arm64 | 0.1.1 | 48.00 | NOTE | |||
r-oldrel-macos-x86_64 | 0.1.1 | 73.00 | NOTE | |||
r-oldrel-windows-x86_64 | 0.1.1 | 33.00 | 104.00 | 137.00 | NOTE |
Version: 0.1.1
Check: C++ specification
Result: NOTE
Specified C++11: please drop specification unless essential
Flavors: r-devel-linux-x86_64-debian-clang, r-devel-linux-x86_64-debian-gcc, r-devel-linux-x86_64-fedora-clang, r-devel-linux-x86_64-fedora-gcc, r-devel-macos-arm64, r-devel-macos-x86_64, r-devel-windows-x86_64, r-patched-linux-x86_64, r-release-linux-x86_64, r-release-macos-arm64, r-release-macos-x86_64, r-release-windows-x86_64, r-oldrel-macos-arm64, r-oldrel-macos-x86_64, r-oldrel-windows-x86_64