Last updated on 2025-02-17 07:50:46 CET.
Flavor | Version | Tinstall | Tcheck | Ttotal | Status | Flags |
---|---|---|---|---|---|---|
r-devel-linux-x86_64-debian-clang | 1.1.1 | 6.95 | 100.06 | 107.01 | NOTE | |
r-devel-linux-x86_64-debian-gcc | 1.1.1 | 4.69 | 66.62 | 71.31 | NOTE | |
r-devel-linux-x86_64-fedora-clang | 1.1.1 | 177.19 | NOTE | |||
r-devel-linux-x86_64-fedora-gcc | 1.1.1 | 184.46 | NOTE | |||
r-devel-macos-arm64 | 1.1.1 | 54.00 | NOTE | |||
r-devel-macos-x86_64 | 1.1.1 | 121.00 | NOTE | |||
r-devel-windows-x86_64 | 1.1.1 | 9.00 | 115.00 | 124.00 | NOTE | |
r-patched-linux-x86_64 | 1.1.1 | 7.51 | 93.29 | 100.80 | NOTE | |
r-release-linux-x86_64 | 1.1.1 | 5.83 | 92.63 | 98.46 | NOTE | |
r-release-macos-arm64 | 1.1.1 | 58.00 | NOTE | |||
r-release-macos-x86_64 | 1.1.1 | 85.00 | NOTE | |||
r-release-windows-x86_64 | 1.1.1 | 10.00 | 118.00 | 128.00 | NOTE | |
r-oldrel-macos-arm64 | 1.1.1 | 58.00 | NOTE | |||
r-oldrel-macos-x86_64 | 1.1.1 | 97.00 | NOTE | |||
r-oldrel-windows-x86_64 | 1.1.1 | 11.00 | 159.00 | 170.00 | NOTE |
Version: 1.1.1
Check: package subdirectories
Result: NOTE
Problems with news in ‘NEWS.md’:
Cannot extract version info from the following section titles:
Updated help pages with examples
Updated conjugate model sampler
Flavors: r-devel-linux-x86_64-debian-clang, r-devel-linux-x86_64-debian-gcc, r-devel-linux-x86_64-fedora-clang, r-devel-linux-x86_64-fedora-gcc, r-devel-macos-arm64, r-devel-macos-x86_64, r-devel-windows-x86_64, r-patched-linux-x86_64, r-release-linux-x86_64, r-release-macos-arm64, r-release-macos-x86_64, r-release-windows-x86_64, r-oldrel-macos-arm64, r-oldrel-macos-x86_64, r-oldrel-windows-x86_64