Last updated on 2025-02-17 07:50:46 CET.
Flavor | Version | Tinstall | Tcheck | Ttotal | Status | Flags |
---|---|---|---|---|---|---|
r-devel-linux-x86_64-debian-clang | 0.1.0-1 | 28.81 | 169.21 | 198.02 | OK | |
r-devel-linux-x86_64-debian-gcc | 0.1.0-1 | 20.78 | 145.69 | 166.47 | OK | |
r-devel-linux-x86_64-fedora-clang | 0.1.0-1 | 364.34 | NOTE | |||
r-devel-linux-x86_64-fedora-gcc | 0.1.0-1 | 445.99 | NOTE | |||
r-devel-macos-arm64 | 0.1.0-1 | 150.00 | OK | |||
r-devel-macos-x86_64 | 0.1.0-1 | 341.00 | OK | |||
r-devel-windows-x86_64 | 0.1.0-1 | 33.00 | 244.00 | 277.00 | OK | |
r-patched-linux-x86_64 | 0.1.0-1 | 26.97 | 220.41 | 247.38 | OK | |
r-release-linux-x86_64 | 0.1.0-1 | 25.90 | 217.43 | 243.33 | OK | |
r-release-macos-arm64 | 0.1.0-1 | 149.00 | OK | |||
r-release-macos-x86_64 | 0.1.0-1 | 201.00 | OK | |||
r-release-windows-x86_64 | 0.1.0-1 | 36.00 | 253.00 | 289.00 | OK | |
r-oldrel-macos-arm64 | 0.1.0-1 | 152.00 | OK | |||
r-oldrel-macos-x86_64 | 0.1.0-1 | 253.00 | OK | |||
r-oldrel-windows-x86_64 | 0.1.0-1 | 43.00 | 285.00 | 328.00 | OK |
Version: 0.1.0-1
Check: dependencies in R code
Result: NOTE
Namespace in Imports field not imported from: ‘Rcpp’
All declared Imports should be used.
Flavors: r-devel-linux-x86_64-fedora-clang, r-devel-linux-x86_64-fedora-gcc