CRAN Package Check Results for Package SADEG

Last updated on 2025-02-11 07:48:34 CET.

Flavor Version Tinstall Tcheck Ttotal Status Flags
r-devel-linux-x86_64-debian-clang 1.0.0 2.19 17.85 20.04 OK
r-devel-linux-x86_64-debian-gcc 1.0.0 1.78 14.94 16.72 OK
r-devel-linux-x86_64-fedora-clang 1.0.0 33.97 OK
r-devel-linux-x86_64-fedora-gcc 1.0.0 31.16 OK
r-devel-windows-x86_64 1.0.0 3.00 39.00 42.00 OK
r-patched-linux-x86_64 1.0.0 2.22 17.18 19.40 NOTE
r-release-linux-x86_64 1.0.0 2.05 17.25 19.30 NOTE
r-release-macos-arm64 1.0.0 14.00 NOTE
r-release-macos-x86_64 1.0.0 33.00 NOTE
r-release-windows-x86_64 1.0.0 3.00 38.00 41.00 NOTE
r-oldrel-macos-arm64 1.0.0 14.00 NOTE
r-oldrel-macos-x86_64 1.0.0 19.00 NOTE
r-oldrel-windows-x86_64 1.0.0 5.00 37.00 42.00 NOTE

Check Details

Version: 1.0.0
Check: LazyData
Result: NOTE 'LazyData' is specified without a 'data' directory Flavors: r-patched-linux-x86_64, r-release-linux-x86_64, r-release-macos-arm64, r-release-macos-x86_64, r-release-windows-x86_64, r-oldrel-macos-arm64, r-oldrel-macos-x86_64, r-oldrel-windows-x86_64