CRAN Package Check Results for Package SADEG

Last updated on 2025-05-09 07:51:07 CEST.

Flavor Version Tinstall Tcheck Ttotal Status Flags
r-devel-linux-x86_64-debian-clang 1.0.0 2.18 18.41 20.59 OK
r-devel-linux-x86_64-debian-gcc 1.0.0 1.64 14.87 16.51 OK
r-devel-linux-x86_64-fedora-clang 1.0.0 32.85 OK
r-devel-linux-x86_64-fedora-gcc 1.0.0 31.23 OK
r-devel-windows-x86_64 1.0.0 3.00 37.00 40.00 OK
r-patched-linux-x86_64 1.0.0 2.30 17.50 19.80 OK
r-release-linux-x86_64 1.0.0 2.07 17.59 19.66 OK
r-release-macos-arm64 1.0.0 15.00 OK
r-release-macos-x86_64 1.0.0 28.00 OK
r-release-windows-x86_64 1.0.0 3.00 37.00 40.00 OK
r-oldrel-macos-arm64 1.0.0 14.00 NOTE
r-oldrel-macos-x86_64 1.0.0 33.00 NOTE
r-oldrel-windows-x86_64 1.0.0 3.00 38.00 41.00 NOTE

Check Details

Version: 1.0.0
Check: LazyData
Result: NOTE 'LazyData' is specified without a 'data' directory Flavors: r-oldrel-macos-arm64, r-oldrel-macos-x86_64, r-oldrel-windows-x86_64