CRAN Package Check Results for Package RprobitB

Last updated on 2025-06-30 07:49:30 CEST.

Flavor Version Tinstall Tcheck Ttotal Status Flags
r-devel-linux-x86_64-debian-clang 1.1.4 86.64 410.83 497.47 OK
r-devel-linux-x86_64-debian-gcc 1.1.4 58.45 272.42 330.87 OK
r-devel-linux-x86_64-fedora-clang 1.1.4 848.97 OK
r-devel-linux-x86_64-fedora-gcc 1.1.4 834.20 OK
r-devel-windows-x86_64 1.1.4 90.00 396.00 486.00 OK
r-patched-linux-x86_64 OK
r-release-linux-x86_64 1.1.4 74.77 379.71 454.48 OK
r-release-macos-arm64 1.1.4 202.00 OK
r-release-macos-x86_64 1.1.4 383.00 OK
r-release-windows-x86_64 1.1.4 80.00 389.00 469.00 OK
r-oldrel-macos-arm64 1.1.4 193.00 NOTE
r-oldrel-macos-x86_64 1.1.4 272.00 NOTE
r-oldrel-windows-x86_64 1.1.4 107.00 547.00 654.00 OK

Check Details

Version: 1.1.4
Check: installed package size
Result: NOTE installed size is 7.7Mb sub-directories of 1Mb or more: doc 1.4Mb libs 5.7Mb Flavors: r-oldrel-macos-arm64, r-oldrel-macos-x86_64